{"id":682,"date":"2025-04-08T08:46:03","date_gmt":"2025-04-08T08:46:03","guid":{"rendered":"https:\/\/www.buergerbuero-energiewende.de\/?page_id=682"},"modified":"2026-03-11T12:39:48","modified_gmt":"2026-03-11T12:39:48","slug":"waldeingriffe-im-abschnitt-a-ost-fragen-antworten","status":"publish","type":"page","link":"https:\/\/www.buergerbuero-energiewende.de\/?page_id=682","title":{"rendered":"Waldeingriffe im Abschnitt A-Ost \u2013 Fragen &amp; Antworten"},"content":{"rendered":"<p>[et_pb_section fb_built=&#8220;1&#8243; _builder_version=&#8220;4.27.0&#8243; _module_preset=&#8220;default&#8220; global_colors_info=&#8220;{}&#8220;][et_pb_row _builder_version=&#8220;4.27.0&#8243; _module_preset=&#8220;default&#8220; width=&#8220;92.1%&#8220; global_colors_info=&#8220;{}&#8220;][et_pb_column type=&#8220;4_4&#8243; _builder_version=&#8220;4.24.2&#8243; _module_preset=&#8220;default&#8220; global_colors_info=&#8220;{}&#8220;][et_pb_text _builder_version=&#8220;4.27.0&#8243; _module_preset=&#8220;default&#8220; text_font_size=&#8220;24px&#8220; text_line_height=&#8220;1.4em&#8220; header_font=&#8220;&#8211;et_global_heading_font|600|||||||&#8220; header_text_color=&#8220;#314C93&#8243; header_font_size=&#8220;38px&#8220; header_line_height=&#8220;1.2em&#8220; background_color=&#8220;RGBA(255,255,255,0)&#8220; width=&#8220;91.4%&#8220; custom_margin=&#8220;|-664px||||&#8220; header_font_size_tablet=&#8220;38px&#8220; header_font_size_phone=&#8220;24px&#8220; header_font_size_last_edited=&#8220;on|phone&#8220; global_colors_info=&#8220;{}&#8220;]<\/p>\n<h1 style=\"text-align: left;\">Waldeingriffe im Abschnitt A-Ost \u2013 Fragen &amp; Antworten<\/h1>\n<p>&nbsp;<\/p>\n<p>[\/et_pb_text][et_pb_accordion open_toggle_text_color=&#8220;#3550a0&#8243; open_toggle_background_color=&#8220;#f0f2f6&#8243; closed_toggle_text_color=&#8220;#3550a0&#8243; closed_toggle_background_color=&#8220;#f0f2f6&#8243; icon_color=&#8220;#3550a0&#8243; _builder_version=&#8220;4.27.0&#8243; toggle_font=&#8220;&#8211;et_global_heading_font||||||||&#8220; toggle_font_size=&#8220;22px&#8220; toggle_line_height=&#8220;1.5em&#8220; body_font=&#8220;||||||||&#8220; body_font_size=&#8220;16px&#8220; body_line_height=&#8220;1.9em&#8220; custom_margin=&#8220;|||&#8220; custom_padding=&#8220;|||&#8220; hover_enabled=&#8220;0&#8243; border_width_all=&#8220;0px&#8220; global_colors_info=&#8220;{}&#8220; sticky_enabled=&#8220;0&#8243;][et_pb_accordion_item title=&#8220;Wie gro\u00df ist der Waldeingriff in den Reichswald durch den Ersatzneubau der Juraleitung? &#8220; _builder_version=&#8220;4.27.0&#8243; custom_margin=&#8220;10px||10px||true&#8220; custom_padding=&#8220;30px||30px||true&#8220; global_colors_info=&#8220;{}&#8220; open=&#8220;off&#8220;]<\/p>\n<div class=\"ewa-rteLine\">Auf Basis der aktuellen Planungen betr\u00e4gt der gesamte Waldeingriff f\u00fcr den Ersatzneubau und das neue Umspannwerk im Abschnitt A-Ost etwa 21 Hektar. Davon liegen circa 11 Hektar im Reichswald und rund 10 Hektar in weiteren Waldfl\u00e4chen. Alle Eingriffe in den Wald m\u00fcssen ausgeglichen werden. Wie genau der Ausgleich zu erfolgen hat, ist von der Kategorisierung der jeweiligen Waldfl\u00e4che abh\u00e4ngig.<\/div>\n<div class=\"ewa-rteLine\">\n<p>&nbsp;<\/p>\n<\/div>\n<div class=\"ewa-rteLine\"><img loading=\"lazy\" decoding=\"async\" alt=\"Walddurchbruch&amp;#32;Ostbayernring&amp;#32;03\" class=\"detail-image\" data-original-height=\"1733\" data-original-width=\"2598\" src=\"https:\/\/d2csxpduxe849s.cloudfront.net\/media\/B2EC9500-099D-42DE-9741FC3BEBD3A16C\/C4480D75-963D-430F-B5DF0EAC3F5E4BEE\/C5DD4B2C-72F3-46A6-ACC6B416CE08C372\/webimage-E07219E9-95F0-476C-B6FAE3A77AB4CD26.png\" width=\"458\" height=\"305\" \/><\/div>\n<p>[\/et_pb_accordion_item][et_pb_accordion_item title=&#8220;Wie wird der f\u00fcr den Ersatzneubau der Juraleitung notwendige Waldeingriff ausgeglichen?&#8220; _builder_version=&#8220;4.27.0&#8243; custom_margin=&#8220;10px||10px||true&#8220; custom_padding=&#8220;30px||30px||true&#8220; global_colors_info=&#8220;{}&#8220; open=&#8220;off&#8220;]<\/p>\n<div class=\"ewa-rteLine\">\n<p>Der f\u00fcr den Ersatzneubau der Juraleitung notwendige Eingriff in den Wald wird entsprechend der gesetzlichen Vorgaben ausgeglichen. Auf welche Art und Weise der Ausgleich erfolgen muss, richtet sich nach dem betroffenen Waldtyp.<\/p>\n<p>Ein Bannwald, wie der Reichswald, ist gesetzlich besonders gesch\u00fctzt, da er wichtige Funktionen f\u00fcr Klima, Wasserhaushalt und Erosionsschutz erf\u00fcllt. Rodungen sind hier nur in Ausnahmef\u00e4llen zul\u00e4ssig und erfordern einen 1:1-Ausgleich durch Aufforstungen angrenzend an den vorhandenen Bannwald. Diese Ersatzfl\u00e4chen m\u00fcssen zudem langfristig als Bannwald gesichert werden.<\/p>\n<p>W\u00e4lder, die in dicht besiedelten Gebieten liegen und eine wichtige Erholungsfunktion haben, werden ebenfalls im Verh\u00e4ltnis 1:1 ausgeglichen. Der Ausgleich erfolgt in der Regel im gleichen Verdichtungsgebiet, wie hier im N\u00fcrnberger Land. Falls eine Wiederaufforstung im gleichen Waldgebiet nicht m\u00f6glich oder sinnvoll ist, kann der Ausgleich in einem anderen geeigneten Gebiet erfolgen.<\/p>\n<p>Alle Ausgleichsma\u00dfnahmen erfolgen gem\u00e4\u00df den rechtlichen Vorgaben, insbesondere dem Bundesnaturschutzgesetz (BNatSchG), dem Bayerischen Waldgesetz (BayWaldG) und der <a href=\"https:\/\/www.stmuv.bayern.de\/themen\/naturschutz\/eingriffe\/kompensationsverordnung\/doc\/vollzugshinweise_baykompv_freileitungen.pdf\" target=\"_blank\" rel=\"noopener\">Bayerischen Kompensationsverordnung (BayKompV)<\/a>. Diese stellen sicher, dass der \u00f6kologische und landschaftliche Wert des gerodeten Waldes kompensiert wird.<\/p>\n<\/p>\n<p><img loading=\"lazy\" decoding=\"async\" alt=\"Aufforstung\" class=\"detail-image\" data-original-height=\"3456\" data-original-width=\"5184\" src=\"https:\/\/tennet.bynder.com\/files\/4a5c5e91-827c-5c38-add9-163ca656ac72?account_id=B2EC9500-099D-42DE-9741FC3BEBD3A16C&amp;expiry=1743897600000&amp;signature=ZHkoRRjTPCYKIn9iTSEi90kLYdlR722aokTrWGeetfuHIqz99x0Q54hrmGjLAJ%2FslqPQ1FC%2BISPz9I1zLSShCw%3D%3D&amp;version=a0b1ec4b\" width=\"459\" height=\"306\" \/> \u00a0\u00a0\u00a0 <img loading=\"lazy\" decoding=\"async\" alt=\"Wiederaufforstung\" class=\"detail-image\" data-original-height=\"2578\" data-original-width=\"3862\" src=\"https:\/\/d2csxpduxe849s.cloudfront.net\/media\/B2EC9500-099D-42DE-9741FC3BEBD3A16C\/27CF067A-3EB5-4E2A-80157C9C18AA92EE\/webimage-28AEC722-94A8-497D-AF36BB8AD86A973E.png\" width=\"458\" height=\"306\" \/><\/p>\n<\/div>\n<p>&nbsp;<\/p>\n<p>[\/et_pb_accordion_item][et_pb_accordion_item title=&#8220;Was ist der Unterschied zwischen einem tempor\u00e4ren und einem dauerhaften Eingriff? &#8220; _builder_version=&#8220;4.27.0&#8243; custom_margin=&#8220;10px||10px||true&#8220; custom_padding=&#8220;30px||30px||true&#8220; global_colors_info=&#8220;{}&#8220; open=&#8220;off&#8220;]<\/p>\n<p>Beim Ersatzneubau der Juraleitung und beim Bau des neuen Umspannwerkes sind sowohl dauerhafte wie auch tempor\u00e4re Eingriffe erforderlich.<\/p>\n<p><strong>Dauerhafte Eingriffe<\/strong> entstehen dort, wo Fl\u00e4chen auch nach Abschluss der Bauarbeiten dauerhaft genutzt werden. Dazu geh\u00f6ren die Trassenschneise, der Schutzstreifen, ausgewiesene Zuwegungen, Nebenanlagen und die Maststandorte. Alle Fl\u00e4chen innerhalb des Schutzstreifens gelten als dauerhaft in Anspruch genommen.<\/p>\n<p><strong>Tempor\u00e4re Eingriffe<\/strong> betreffen Fl\u00e4chen, die nur w\u00e4hrend der Bauphase genutzt werden. Dazu z\u00e4hlen Arbeitsfl\u00e4chen f\u00fcr Montage und Seilzug, Schutzger\u00fcstfl\u00e4chen, Kabelabrollpl\u00e4tze, tempor\u00e4re Zuwegungen sowie Fl\u00e4chen f\u00fcr Provisorien. Diese Fl\u00e4chen werden nach Abschluss der Bauarbeiten wieder aufgeforstet.<\/p>\n<p>Welche Fl\u00e4chen f\u00fcr tempor\u00e4re Eingriffe erforderlich sind, wird im Rahmen des Planfeststellungsverfahrens festgelegt.<\/p>\n<div class=\"ewa-rteLine\">\n<p>&nbsp;<\/p>\n<\/div>\n<p><img loading=\"lazy\" decoding=\"async\" alt=\"Walddurchbruch&amp;#32;Ostbayernring&amp;#32;20\" class=\"detail-image\" data-original-height=\"1733\" data-original-width=\"2598\" src=\"https:\/\/d2csxpduxe849s.cloudfront.net\/media\/B2EC9500-099D-42DE-9741FC3BEBD3A16C\/EB06F53B-A4C2-43B4-80CD99E37F1BEF21\/FEF53750-BA58-4A0C-A94E3330D3D57A0C\/webimage-864975C5-FDED-4A38-AB98FE2B8FEF990E.png\" width=\"457\" height=\"305\" \/><\/p>\n<p>[\/et_pb_accordion_item][et_pb_accordion_item title=&#8220;Wie entscheidet sich, welche B\u00e4ume entnommen werden m\u00fcssen?&#8220; _builder_version=&#8220;4.27.0&#8243; custom_margin=&#8220;10px||10px||true&#8220; custom_padding=&#8220;30px||30px||true&#8220; hover_enabled=&#8220;0&#8243; global_colors_info=&#8220;{}&#8220; open=&#8220;on&#8220; sticky_enabled=&#8220;0&#8243;]<\/p>\n<div class=\"ewa-rteLine\">\n<p>Welche B\u00e4ume entnommen werden m\u00fcssen, wird nach fachlichen und sicherheitsrelevanten Kriterien entschieden. So muss gew\u00e4hrleistet sein, dass B\u00e4ume im Nahbereich der Schneise der Leitung bei Sturm, Schneelast oder anderen \u00e4u\u00dferen Einfl\u00fcssen nicht in die Leitung st\u00fcrzen k\u00f6nnen.<\/p>\n<p>Um also die Sicherheit der Leitung zu gew\u00e4hrleisten, wird der Schutzstreifen in den Geh\u00f6lzbereichen aufgeweitet. Hier werden die B\u00e4ume entnommen, welche im Fall eines Sturzes in die Stromleitung fallen k\u00f6nnten.<\/p>\n<p>Gleiches gilt auch f\u00fcr bauliche Anlagen wie das Umspannwerk. Hier muss gew\u00e4hrleistet sein, dass kein Baum in den Anlagenbereich fallen kann. Ma\u00dfgebend ist die Zaunanlage.<\/p>\n<\/div>\n<p>[\/et_pb_accordion_item][et_pb_accordion_item title=&#8220;Welche Waldarten werden unterschieden und welche Rolle spielt die Unterscheidung f\u00fcr die Ausgleichsma\u00dfnahmen?&#8220; _builder_version=&#8220;4.27.0&#8243; custom_margin=&#8220;10px||10px||true&#8220; custom_padding=&#8220;30px||30px||true&#8220; hover_enabled=&#8220;0&#8243; global_colors_info=&#8220;{}&#8220; open=&#8220;off&#8220; sticky_enabled=&#8220;0&#8243;]<\/p>\n<div class=\"ewa-rteLine\">\n<p>Bei der Planung von Infrastrukturma\u00dfnahmen wie einer Stromtrasse wird zwischen verschiedenen Waldarten unterschieden, da sie unterschiedliche Funktionen und Schutzgrade haben. Diese Einstufung ist auch f\u00fcr die Ausgleichsma\u00dfnahmen relevant.<\/p>\n<p>Im Planungsabschnitt A-Ost werden f\u00fcr den Ersatzneubau der Juraleitung sowohl in einen Bannwald, den Reichswald, sowie in weitere Waldfl\u00e4chen innerhalb des Verdichtungsraums N\u00fcrnberger Land eingegriffen.<\/p>\n<p><strong>Bannwald<\/strong> ist gesetzlich besonders gesch\u00fctzt, da er wichtige Funktionen f\u00fcr das Klima, den Wasserhaushalt oder den Erosionsschutz erf\u00fcllt. Er liegt h\u00e4ufig in der N\u00e4he von St\u00e4dten und dient auch als Naherholungsgebiet. Aufgrund seiner hohen Schutzw\u00fcrdigkeit sind Rodungen nur in Ausnahmef\u00e4llen m\u00f6glich und erfordern umfangreiche Ausgleichsma\u00dfnahmen. Die Eingriffe m\u00fcssen 1:1 im selben Gebiet durch eine Aufforstung ausgeglichen werden, um die Schutzfunktion zu erhalten. Die entstehenden Ersatzfl\u00e4chen m\u00fcssen dann langfristig als Bannwald gesichert werden.<\/p>\n<p><strong>Verdichtungswald<\/strong> befindet sich in dicht besiedelten Regionen, hat jedoch keinen speziellen Schutzstatus wie Bannwald. Dennoch erf\u00fcllt er eine wichtige \u00f6kologische und soziale Funktion, insbesondere als Naherholungsgebiet. Auch hier gelten hohe Anforderungen an den Waldausgleich, allerdings weniger streng als bei Bannw\u00e4ldern. Dennoch ist auch hier eine 1:1-Aufforstung erforderlich. Falls eine Wiederaufforstung am urspr\u00fcnglichen Standort nicht m\u00f6glich oder sinnvoll ist, kann der Ausgleich in einem anderen Gebiet erfolgen.<\/p>\n<p>Grunds\u00e4tzlich k\u00f6nnen alle Waldarten von einer Stromtrasse gequert oder beeintr\u00e4chtigt werden, wenn dies nach Abw\u00e4gung aller planungsrechtlichen Kriterien die geeignetste Variante darstellt.<\/p>\n<\/div>\n<p>[\/et_pb_accordion_item][et_pb_accordion_item title=&#8220;Welche rechtlichen Grundlagen gelten f\u00fcr die Kompensation der Waldeingriffe?&#8220; open=&#8220;off&#8220; _builder_version=&#8220;4.27.0&#8243; custom_margin=&#8220;10px||10px||true&#8220; custom_padding=&#8220;30px||30px||true&#8220; global_colors_info=&#8220;{}&#8220;]<\/p>\n<div class=\"ewa-rteLine\">\n<p>Die Kompensation von Waldeingriffen ist rechtlich durch verschiedene Gesetze und Verordnungen geregelt. Dabei spielen sowohl Bundes- als auch Landesregelungen eine Rolle.<\/p>\n<p>Grundlage f\u00fcr die Kompensation bildet das <strong>Bundesnaturschutzgesetz (BNatSchG).<\/strong> Es verpflichtet Vorhabentr\u00e4ger gem\u00e4\u00df dem <strong>Eingriffs-Ausgleichs-Prinzip<\/strong> (\u00a7 15 BNatSchG) dazu, unvermeidbare Beeintr\u00e4chtigungen von Natur und Landschaft durch geeignete Ma\u00dfnahmen auszugleichen oder zu ersetzen.<\/p>\n<p>Auf L\u00e4nderebene wird der Ausgleich durch spezifische <strong>Kompensationsverordnungen<\/strong> geregelt, die festlegen, wie der Ausgleich in den jeweiligen Bundesl\u00e4ndern umgesetzt wird. In Bayern gilt hierf\u00fcr insbesondere das <strong>Bayerische Waldgesetz (BayWaldG).<\/strong> Dieses schreibt vor, dass gerodete Waldfl\u00e4chen grunds\u00e4tzlich durch Aufforstung in vergleichbarem Umfang ersetzt werden m\u00fcssen (\u00a7 9 BayWaldG).<\/p>\n<p>Dar\u00fcber hinaus flie\u00dfen auch Daten aus den <strong>Waldfunktionspl\u00e4nen<\/strong> ein. Die Bayerische Forstverwaltung hat f\u00fcr alle 18 Planungsregionen in Bayern Waldfunktionspl\u00e4ne aufgestellt. In den Waldfunktionspl\u00e4nen werden die vielf\u00e4ltigen Schutz-, Nutz- und Erholungsfunktionen der W\u00e4lder sowie ihre Bedeutung f\u00fcr die biologische Vielfalt dargestellt und bewertet. Diese Bewertungen sind bei der Planung von Ausgleichsma\u00dfnahmen zu ber\u00fccksichtigen.<\/p>\n<\/div>\n<p>[\/et_pb_accordion_item][\/et_pb_accordion][\/et_pb_column][\/et_pb_row][\/et_pb_section]<\/p>\n","protected":false},"excerpt":{"rendered":"<p>Waldeingriffe im Abschnitt A-Ost \u2013 Fragen &amp; Antworten &nbsp;Auf Basis der aktuellen Planungen betr\u00e4gt der gesamte Waldeingriff f\u00fcr den Ersatzneubau und das neue Umspannwerk im Abschnitt A-Ost etwa 21 Hektar. Davon liegen circa 11 Hektar im Reichswald und rund 10 Hektar in weiteren Waldfl\u00e4chen. Alle Eingriffe in den Wald m\u00fcssen ausgeglichen werden. Wie genau der [&hellip;]<\/p>\n","protected":false},"author":1,"featured_media":0,"parent":838,"menu_order":0,"comment_status":"closed","ping_status":"closed","template":"","meta":{"_et_pb_use_builder":"on","_et_pb_old_content":"","_et_gb_content_width":"","footnotes":""},"class_list":["post-682","page","type-page","status-publish","hentry"],"yoast_head":"<!-- This site is optimized with the Yoast SEO plugin v27.0 - https:\/\/yoast.com\/product\/yoast-seo-wordpress\/ -->\n<title>Waldeingriffe im Abschnitt A-Ost \u2013 Fragen &amp; Antworten - B\u00fcrgerb\u00fcro Energiewende Altdorf<\/title>\n<meta name=\"robots\" content=\"index, follow, max-snippet:-1, max-image-preview:large, max-video-preview:-1\" \/>\n<link rel=\"canonical\" href=\"https:\/\/www.buergerbuero-energiewende.de\/?page_id=682\" \/>\n<meta property=\"og:locale\" content=\"de_DE\" \/>\n<meta property=\"og:type\" content=\"article\" \/>\n<meta property=\"og:title\" content=\"Waldeingriffe im Abschnitt A-Ost \u2013 Fragen &amp; Antworten - B\u00fcrgerb\u00fcro Energiewende Altdorf\" \/>\n<meta property=\"og:description\" content=\"Waldeingriffe im Abschnitt A-Ost \u2013 Fragen &amp; Antworten &nbsp;Auf Basis der aktuellen Planungen betr\u00e4gt der gesamte Waldeingriff f\u00fcr den Ersatzneubau und das neue Umspannwerk im Abschnitt A-Ost etwa 21 Hektar. Davon liegen circa 11 Hektar im Reichswald und rund 10 Hektar in weiteren Waldfl\u00e4chen. Alle Eingriffe in den Wald m\u00fcssen ausgeglichen werden. Wie genau der [&hellip;]\" \/>\n<meta property=\"og:url\" content=\"https:\/\/www.buergerbuero-energiewende.de\/?page_id=682\" \/>\n<meta property=\"og:site_name\" content=\"B\u00fcrgerb\u00fcro Energiewende Altdorf\" \/>\n<meta property=\"article:modified_time\" content=\"2026-03-11T12:39:48+00:00\" \/>\n<meta property=\"og:image\" content=\"https:\/\/d2csxpduxe849s.cloudfront.net\/media\/B2EC9500-099D-42DE-9741FC3BEBD3A16C\/C4480D75-963D-430F-B5DF0EAC3F5E4BEE\/C5DD4B2C-72F3-46A6-ACC6B416CE08C372\/webimage-E07219E9-95F0-476C-B6FAE3A77AB4CD26.png\" \/>\n<meta name=\"twitter:card\" content=\"summary_large_image\" \/>\n<meta name=\"twitter:label1\" content=\"Gesch\u00e4tzte Lesezeit\" \/>\n\t<meta name=\"twitter:data1\" content=\"6\u00a0Minuten\" \/>\n<script type=\"application\/ld+json\" class=\"yoast-schema-graph\">{\"@context\":\"https:\/\/schema.org\",\"@graph\":[{\"@type\":\"WebPage\",\"@id\":\"https:\/\/www.buergerbuero-energiewende.de\/?page_id=682\",\"url\":\"https:\/\/www.buergerbuero-energiewende.de\/?page_id=682\",\"name\":\"Waldeingriffe im Abschnitt A-Ost \u2013 Fragen &amp; Antworten - B\u00fcrgerb\u00fcro Energiewende Altdorf\",\"isPartOf\":{\"@id\":\"https:\/\/www.buergerbuero-energiewende.de\/#website\"},\"primaryImageOfPage\":{\"@id\":\"https:\/\/www.buergerbuero-energiewende.de\/?page_id=682#primaryimage\"},\"image\":{\"@id\":\"https:\/\/www.buergerbuero-energiewende.de\/?page_id=682#primaryimage\"},\"thumbnailUrl\":\"https:\/\/d2csxpduxe849s.cloudfront.net\/media\/B2EC9500-099D-42DE-9741FC3BEBD3A16C\/C4480D75-963D-430F-B5DF0EAC3F5E4BEE\/C5DD4B2C-72F3-46A6-ACC6B416CE08C372\/webimage-E07219E9-95F0-476C-B6FAE3A77AB4CD26.png\",\"datePublished\":\"2025-04-08T08:46:03+00:00\",\"dateModified\":\"2026-03-11T12:39:48+00:00\",\"breadcrumb\":{\"@id\":\"https:\/\/www.buergerbuero-energiewende.de\/?page_id=682#breadcrumb\"},\"inLanguage\":\"de\",\"potentialAction\":[{\"@type\":\"ReadAction\",\"target\":[\"https:\/\/www.buergerbuero-energiewende.de\/?page_id=682\"]}]},{\"@type\":\"ImageObject\",\"inLanguage\":\"de\",\"@id\":\"https:\/\/www.buergerbuero-energiewende.de\/?page_id=682#primaryimage\",\"url\":\"https:\/\/d2csxpduxe849s.cloudfront.net\/media\/B2EC9500-099D-42DE-9741FC3BEBD3A16C\/C4480D75-963D-430F-B5DF0EAC3F5E4BEE\/C5DD4B2C-72F3-46A6-ACC6B416CE08C372\/webimage-E07219E9-95F0-476C-B6FAE3A77AB4CD26.png\",\"contentUrl\":\"https:\/\/d2csxpduxe849s.cloudfront.net\/media\/B2EC9500-099D-42DE-9741FC3BEBD3A16C\/C4480D75-963D-430F-B5DF0EAC3F5E4BEE\/C5DD4B2C-72F3-46A6-ACC6B416CE08C372\/webimage-E07219E9-95F0-476C-B6FAE3A77AB4CD26.png\"},{\"@type\":\"BreadcrumbList\",\"@id\":\"https:\/\/www.buergerbuero-energiewende.de\/?page_id=682#breadcrumb\",\"itemListElement\":[{\"@type\":\"ListItem\",\"position\":1,\"name\":\"Startseite\",\"item\":\"https:\/\/www.buergerbuero-energiewende.de\/\"},{\"@type\":\"ListItem\",\"position\":2,\"name\":\"Aktuelles\",\"item\":\"https:\/\/www.buergerbuero-energiewende.de\/?page_id=838\"},{\"@type\":\"ListItem\",\"position\":3,\"name\":\"Waldeingriffe im Abschnitt A-Ost \u2013 Fragen &amp; Antworten\"}]},{\"@type\":\"WebSite\",\"@id\":\"https:\/\/www.buergerbuero-energiewende.de\/#website\",\"url\":\"https:\/\/www.buergerbuero-energiewende.de\/\",\"name\":\"B\u00fcrgerb\u00fcro Energiewende Altdorf\",\"description\":\"\",\"potentialAction\":[{\"@type\":\"SearchAction\",\"target\":{\"@type\":\"EntryPoint\",\"urlTemplate\":\"https:\/\/www.buergerbuero-energiewende.de\/?s={search_term_string}\"},\"query-input\":{\"@type\":\"PropertyValueSpecification\",\"valueRequired\":true,\"valueName\":\"search_term_string\"}}],\"inLanguage\":\"de\"}]}<\/script>\n<!-- \/ Yoast SEO plugin. -->","yoast_head_json":{"title":"Waldeingriffe im Abschnitt A-Ost \u2013 Fragen &amp; Antworten - B\u00fcrgerb\u00fcro Energiewende Altdorf","robots":{"index":"index","follow":"follow","max-snippet":"max-snippet:-1","max-image-preview":"max-image-preview:large","max-video-preview":"max-video-preview:-1"},"canonical":"https:\/\/www.buergerbuero-energiewende.de\/?page_id=682","og_locale":"de_DE","og_type":"article","og_title":"Waldeingriffe im Abschnitt A-Ost \u2013 Fragen &amp; Antworten - B\u00fcrgerb\u00fcro Energiewende Altdorf","og_description":"Waldeingriffe im Abschnitt A-Ost \u2013 Fragen &amp; Antworten &nbsp;Auf Basis der aktuellen Planungen betr\u00e4gt der gesamte Waldeingriff f\u00fcr den Ersatzneubau und das neue Umspannwerk im Abschnitt A-Ost etwa 21 Hektar. Davon liegen circa 11 Hektar im Reichswald und rund 10 Hektar in weiteren Waldfl\u00e4chen. Alle Eingriffe in den Wald m\u00fcssen ausgeglichen werden. Wie genau der [&hellip;]","og_url":"https:\/\/www.buergerbuero-energiewende.de\/?page_id=682","og_site_name":"B\u00fcrgerb\u00fcro Energiewende Altdorf","article_modified_time":"2026-03-11T12:39:48+00:00","og_image":[{"url":"https:\/\/d2csxpduxe849s.cloudfront.net\/media\/B2EC9500-099D-42DE-9741FC3BEBD3A16C\/C4480D75-963D-430F-B5DF0EAC3F5E4BEE\/C5DD4B2C-72F3-46A6-ACC6B416CE08C372\/webimage-E07219E9-95F0-476C-B6FAE3A77AB4CD26.png","type":"","width":"","height":""}],"twitter_card":"summary_large_image","twitter_misc":{"Gesch\u00e4tzte Lesezeit":"6\u00a0Minuten"},"schema":{"@context":"https:\/\/schema.org","@graph":[{"@type":"WebPage","@id":"https:\/\/www.buergerbuero-energiewende.de\/?page_id=682","url":"https:\/\/www.buergerbuero-energiewende.de\/?page_id=682","name":"Waldeingriffe im Abschnitt A-Ost \u2013 Fragen &amp; Antworten - B\u00fcrgerb\u00fcro Energiewende Altdorf","isPartOf":{"@id":"https:\/\/www.buergerbuero-energiewende.de\/#website"},"primaryImageOfPage":{"@id":"https:\/\/www.buergerbuero-energiewende.de\/?page_id=682#primaryimage"},"image":{"@id":"https:\/\/www.buergerbuero-energiewende.de\/?page_id=682#primaryimage"},"thumbnailUrl":"https:\/\/d2csxpduxe849s.cloudfront.net\/media\/B2EC9500-099D-42DE-9741FC3BEBD3A16C\/C4480D75-963D-430F-B5DF0EAC3F5E4BEE\/C5DD4B2C-72F3-46A6-ACC6B416CE08C372\/webimage-E07219E9-95F0-476C-B6FAE3A77AB4CD26.png","datePublished":"2025-04-08T08:46:03+00:00","dateModified":"2026-03-11T12:39:48+00:00","breadcrumb":{"@id":"https:\/\/www.buergerbuero-energiewende.de\/?page_id=682#breadcrumb"},"inLanguage":"de","potentialAction":[{"@type":"ReadAction","target":["https:\/\/www.buergerbuero-energiewende.de\/?page_id=682"]}]},{"@type":"ImageObject","inLanguage":"de","@id":"https:\/\/www.buergerbuero-energiewende.de\/?page_id=682#primaryimage","url":"https:\/\/d2csxpduxe849s.cloudfront.net\/media\/B2EC9500-099D-42DE-9741FC3BEBD3A16C\/C4480D75-963D-430F-B5DF0EAC3F5E4BEE\/C5DD4B2C-72F3-46A6-ACC6B416CE08C372\/webimage-E07219E9-95F0-476C-B6FAE3A77AB4CD26.png","contentUrl":"https:\/\/d2csxpduxe849s.cloudfront.net\/media\/B2EC9500-099D-42DE-9741FC3BEBD3A16C\/C4480D75-963D-430F-B5DF0EAC3F5E4BEE\/C5DD4B2C-72F3-46A6-ACC6B416CE08C372\/webimage-E07219E9-95F0-476C-B6FAE3A77AB4CD26.png"},{"@type":"BreadcrumbList","@id":"https:\/\/www.buergerbuero-energiewende.de\/?page_id=682#breadcrumb","itemListElement":[{"@type":"ListItem","position":1,"name":"Startseite","item":"https:\/\/www.buergerbuero-energiewende.de\/"},{"@type":"ListItem","position":2,"name":"Aktuelles","item":"https:\/\/www.buergerbuero-energiewende.de\/?page_id=838"},{"@type":"ListItem","position":3,"name":"Waldeingriffe im Abschnitt A-Ost \u2013 Fragen &amp; Antworten"}]},{"@type":"WebSite","@id":"https:\/\/www.buergerbuero-energiewende.de\/#website","url":"https:\/\/www.buergerbuero-energiewende.de\/","name":"B\u00fcrgerb\u00fcro Energiewende Altdorf","description":"","potentialAction":[{"@type":"SearchAction","target":{"@type":"EntryPoint","urlTemplate":"https:\/\/www.buergerbuero-energiewende.de\/?s={search_term_string}"},"query-input":{"@type":"PropertyValueSpecification","valueRequired":true,"valueName":"search_term_string"}}],"inLanguage":"de"}]}},"publishpress_future_action":{"enabled":false,"date":"2026-04-24 07:53:16","action":"change-status","newStatus":"draft","terms":[],"taxonomy":"","extraData":[]},"publishpress_future_workflow_manual_trigger":{"enabledWorkflows":[]},"_links":{"self":[{"href":"https:\/\/www.buergerbuero-energiewende.de\/index.php?rest_route=\/wp\/v2\/pages\/682","targetHints":{"allow":["GET"]}}],"collection":[{"href":"https:\/\/www.buergerbuero-energiewende.de\/index.php?rest_route=\/wp\/v2\/pages"}],"about":[{"href":"https:\/\/www.buergerbuero-energiewende.de\/index.php?rest_route=\/wp\/v2\/types\/page"}],"author":[{"embeddable":true,"href":"https:\/\/www.buergerbuero-energiewende.de\/index.php?rest_route=\/wp\/v2\/users\/1"}],"replies":[{"embeddable":true,"href":"https:\/\/www.buergerbuero-energiewende.de\/index.php?rest_route=%2Fwp%2Fv2%2Fcomments&post=682"}],"version-history":[{"count":10,"href":"https:\/\/www.buergerbuero-energiewende.de\/index.php?rest_route=\/wp\/v2\/pages\/682\/revisions"}],"predecessor-version":[{"id":719,"href":"https:\/\/www.buergerbuero-energiewende.de\/index.php?rest_route=\/wp\/v2\/pages\/682\/revisions\/719"}],"up":[{"embeddable":true,"href":"https:\/\/www.buergerbuero-energiewende.de\/index.php?rest_route=\/wp\/v2\/pages\/838"}],"wp:attachment":[{"href":"https:\/\/www.buergerbuero-energiewende.de\/index.php?rest_route=%2Fwp%2Fv2%2Fmedia&parent=682"}],"curies":[{"name":"wp","href":"https:\/\/api.w.org\/{rel}","templated":true}]}}