{"id":515,"date":"2024-09-25T07:58:17","date_gmt":"2024-09-25T07:58:17","guid":{"rendered":"https:\/\/www.buergerbuero-energiewende.de\/?page_id=515"},"modified":"2026-03-11T12:38:57","modified_gmt":"2026-03-11T12:38:57","slug":"elektrische-und-magnetische-felder-fragen-antworten","status":"publish","type":"page","link":"https:\/\/www.buergerbuero-energiewende.de\/?page_id=515","title":{"rendered":"Elektrische und magnetische Felder \u2013 Fragen &amp; Antworten"},"content":{"rendered":"<p>[et_pb_section fb_built=&#8220;1&#8243; _builder_version=&#8220;4.27.0&#8243; _module_preset=&#8220;default&#8220; global_colors_info=&#8220;{}&#8220;][et_pb_row _builder_version=&#8220;4.27.0&#8243; _module_preset=&#8220;default&#8220; width=&#8220;92.1%&#8220; global_colors_info=&#8220;{}&#8220;][et_pb_column type=&#8220;4_4&#8243; _builder_version=&#8220;4.24.2&#8243; _module_preset=&#8220;default&#8220; global_colors_info=&#8220;{}&#8220;][et_pb_text _builder_version=&#8220;4.27.0&#8243; _module_preset=&#8220;default&#8220; text_font_size=&#8220;24px&#8220; text_line_height=&#8220;1.4em&#8220; header_font=&#8220;&#8211;et_global_heading_font|600|||||||&#8220; header_text_color=&#8220;#314C93&#8243; header_font_size=&#8220;38px&#8220; header_line_height=&#8220;1.2em&#8220; background_color=&#8220;RGBA(255,255,255,0)&#8220; width=&#8220;91.4%&#8220; custom_margin=&#8220;|-664px||||&#8220; header_font_size_tablet=&#8220;38px&#8220; header_font_size_phone=&#8220;24px&#8220; header_font_size_last_edited=&#8220;on|phone&#8220; global_colors_info=&#8220;{}&#8220;]<\/p>\n<h1 style=\"text-align: left;\">Elektrische und magnetische Felder \u2013 Fragen &amp; Antworten<\/h1>\n<p>&nbsp;<\/p>\n<p>[\/et_pb_text][et_pb_accordion open_toggle_text_color=&#8220;#3550a0&#8243; open_toggle_background_color=&#8220;#f0f2f6&#8243; closed_toggle_text_color=&#8220;#3550a0&#8243; closed_toggle_background_color=&#8220;#f0f2f6&#8243; icon_color=&#8220;#3550a0&#8243; _builder_version=&#8220;4.27.0&#8243; toggle_font=&#8220;&#8211;et_global_heading_font||||||||&#8220; toggle_font_size=&#8220;22px&#8220; toggle_line_height=&#8220;1.5em&#8220; body_font=&#8220;||||||||&#8220; body_font_size=&#8220;16px&#8220; body_line_height=&#8220;1.9em&#8220; custom_margin=&#8220;|||&#8220; custom_padding=&#8220;|||&#8220; border_width_all=&#8220;0px&#8220; global_colors_info=&#8220;{}&#8220;][et_pb_accordion_item title=&#8220;Welche Emissionen gehen von elektrischen Energie\u00fcbertragungsleitungen aus? &#8220; open=&#8220;off&#8220; _builder_version=&#8220;4.27.0&#8243; custom_margin=&#8220;10px||10px||true&#8220; custom_padding=&#8220;30px||30px||true&#8220; global_colors_info=&#8220;{}&#8220;]<\/p>\n<div class=\"ewa-rteLine\">\n<div class=\"ewa-rteLine\">\n<p><span data-contrast=\"auto\">Immer, wenn ein System unter Spannung steht, erzeugt es elektrische Felder. Bei einer Energie\u00fcbertragungsleitung mit einer Spannung von 380 Kilovolt betr\u00e4gt das elektrische Feld etwa 5 bis 10 kV\/m. Zum Vergleich: Eine elektrische Heizdecke erzeugt in der N\u00e4he des K\u00f6rpers elektrische Felder von etwa 0,1 bis 1 kV\/m. Das elektrische Feld einer 380 kV-\u00dcbertragungsleitung ist somit zwar h\u00f6her, wird jedoch in sicherer Entfernung vom Boden gemessen. Au\u00dferdem werden elektrische Felder von Geb\u00e4uden, Erdreich oder Vegetation abgeschirmt. <\/span><span data-ccp-props=\"{&quot;134233117&quot;:false,&quot;134233118&quot;:false,&quot;201341983&quot;:0,&quot;335551550&quot;:1,&quot;335551620&quot;:1,&quot;335559685&quot;:0,&quot;335559737&quot;:0,&quot;335559738&quot;:240,&quot;335559739&quot;:240,&quot;335559740&quot;:279}\">\u00a0<\/span><\/p>\n<p><span data-contrast=\"auto\">Neben den elektrischen Feldern besitzen Energie\u00fcbertragungsleitungen magnetische Felder, wie sie auch von Hausha<\/span><span data-contrast=\"auto\">ltsger\u00e4ten wie Waschmaschinen oder Induktionsherden ausgesendet werden. Diese Felder treten nur auf, wenn Strom durch die Leitungen flie\u00dft. Ihre Gr\u00f6\u00dfe variiert je nach Stromst\u00e4rke, die in den Leitungen flie\u00dft, wobei man auch tages- und jahreszeitliche Schwankungen ber\u00fccksichtigen muss.<\/span><\/p>\n<\/div>\n<\/div>\n<p>[\/et_pb_accordion_item][et_pb_accordion_item title=&#8220;Entsteht durch den Betrieb des Ersatzneubaus der Juraleitung gesundheitssch\u00e4dlicher \u201eElektrosmog\u201c? &#8220; _builder_version=&#8220;4.27.0&#8243; custom_margin=&#8220;10px||10px||true&#8220; custom_padding=&#8220;30px||30px||true&#8220; global_colors_info=&#8220;{}&#8220; open=&#8220;off&#8220;]<\/p>\n<div class=\"ewa-rteLine\">\n<p><span data-contrast=\"none\">Der Begriff Elektrosmog bezeichnet im allgemeinen Sprachgebrauch die k\u00fcnstlichen \u2013 in Abgrenzung zu den nat\u00fcrlich vorhandenen \u2013 elektrischen, magnetischen und elektromagnetischen Felder, um deren allgegenw\u00e4rtiges Vorkommen in der Umwelt des Menschen zu beschreiben. Da der Begriff Smog bez\u00fcglich Luftschadstoffen negativ belegt ist, wird er auch hier oft verwendet, um die im Zusammenhang mit elektrischer Energie\u00fcbertragung bef\u00fcrchteten gesundheitlichen Beeintr\u00e4chtigungen auszudr\u00fccken.<\/span><span data-ccp-props=\"{&quot;201341983&quot;:0,&quot;335559739&quot;:160,&quot;335559740&quot;:279}\">\u00a0<\/span><\/p>\n<p><span data-contrast=\"auto\">Elektromagnetische Felder (EMF) gehen von elektrischen Ger\u00e4ten und Installationen aller Art aus. H\u00f6chstspannungsfreileitungen wie die<\/span> <span data-contrast=\"auto\">Juraleitung, die auch die Gemeinde Winkelhaid, Altdorf bei N\u00fcrnberg und Burgthann durchquert, erzeugen <\/span><span data-contrast=\"auto\">niederfrequente elektrische und magnetische Felder.<\/span><span data-ccp-props=\"{&quot;201341983&quot;:0,&quot;335559739&quot;:160,&quot;335559740&quot;:279}\">\u00a0<\/span><\/p>\n<p><span data-contrast=\"none\">Die m\u00f6glichen gesundheitlichen Auswirkungen des sogenannten Elektrosmogs werden seit Langem international und national erforscht. Diese wissenschaftlichen Erkenntnisse bilden die Grundlage f\u00fcr die gesetzlichen Grenzwerte, die in Deutschland in der 26. Bundes-Immissionsschutzverordnung (26. BImSchV) festgelegt sind, um die Bev\u00f6lkerung vor gesundheitlichen Risiken durch elektromagnetische Felder zu sch\u00fctzen.\u00a0<\/span><span data-ccp-props=\"{&quot;201341983&quot;:0,&quot;335559739&quot;:160,&quot;335559740&quot;:279}\">\u00a0<\/span><\/p>\n<p><span data-contrast=\"auto\">Im Bundes-Immissionsschutz steht auch festgeschrieben, wo die Grenzwerte eingehalten werden m\u00fcssen. Neu zu errichtende Stromanlagen m\u00fcssen an Orten, wo sich Menschen l\u00e4nger aufhalten, die Sicherheitsgrenzen f\u00fcr elektromagnetische Felder einhalten. Wie alle Netzbetreiber stellt auch TenneT sicher, dass diese Grenzwerte selbst bei h\u00f6c<\/span><span data-contrast=\"none\">hster betrieblicher Anlagenauslastung eingehalten werden.\u00a0 Zum Nachweis werden typischerweise bereits w\u00e4hrend der Planung einer neuen H\u00f6chstspannungsfreileitung Prognosen \u00fcber die maximal zu erwartenden elektrischen und magnetischen Felder erstellt.<\/span><span data-ccp-props=\"{&quot;201341983&quot;:0,&quot;335559739&quot;:160,&quot;335559740&quot;:279}\">\u00a0<\/span><\/p>\n<\/div>\n<p>[\/et_pb_accordion_item][et_pb_accordion_item title=&#8220;Kann sich der durch die nahe liegende Autobahn (A3) entstehende Feinstaub elektrisch aufladen?&#8220; _builder_version=&#8220;4.27.0&#8243; custom_margin=&#8220;10px||10px||true&#8220; custom_padding=&#8220;30px||30px||true&#8220; global_colors_info=&#8220;{}&#8220; open=&#8220;off&#8220;]<\/p>\n<div class=\"ewa-rteLine\">\n<p><span data-contrast=\"auto\">Feinstaub besteht aus winzigen Partikeln, die in der Luft schweben und aus verschiedenen Quellen stammen \u2013 darunter Verkehr, Industrie und nat\u00fcrliche Quellen \u2013 und kann sich elektrisch aufladen. Diese Aufladung erfolgt durch verschiedene Mechanismen, darunter Reibung und Kontakt mit elektrisch geladenen Oberfl\u00e4chen.<\/span><\/p>\n<p><span data-contrast=\"auto\">Wissenschaftliche Studien haben gezeigt, dass elektrische Felder, die von H\u00f6chstspannungsleitung ausgehen, die Aufladung von Feinstaubpartikeln beeinflussen k\u00f6nnen. Allerdings ist der Einfluss dieser Aufladung auf die Umwelt und die Gesundheit nach heutigem Forschungsstand als gering einzustufen. W\u00e4hrend einige Studien darauf hinweisen, dass eine erh\u00f6hte elektrostatische Aufladung von Feinstaubpartikeln theoretisch die Ablagerung dieser Partikel auf Oberfl\u00e4chen beg\u00fcnstigen k\u00f6nnte, gibt es bisher keine klaren Hinweise darauf, dass diese Wechselwirkung zu signifikanten gesundheitlichen oder \u00f6kologischen Problemen f\u00fchrt*.<\/span><span data-ccp-props=\"{&quot;201341983&quot;:0,&quot;335559739&quot;:160,&quot;335559740&quot;:279}\">\u00a0<\/span><\/p>\n<p><span data-contrast=\"auto\">*Tiefergehende Informationen lassen sich auf der Seite des <\/span><i><span data-contrast=\"auto\">Bundesamtes f\u00fcr Strahlenschutz (BfS) <\/span><\/i><span data-contrast=\"auto\">finden: <\/span><a href=\"https:\/\/www.bfs.de\/DE\/bfs\/wissenschaft-forschung\/emf\/laufend\/stromnetzausbau\/schwerpunkt6.html\" target=\"_blank\" rel=\"noopener\"><span data-contrast=\"none\">https:\/\/www.bfs.de\/DE\/bfs\/wissenschaft-forschung\/emf\/laufend\/stromnetzausbau\/schwerpunkt6.html<\/span><\/a><\/p>\n<\/div>\n<p>[\/et_pb_accordion_item][et_pb_accordion_item title=&#8220;Wie hoch ist die Belastung durch die elektrischen und magnetischen Felder an der neuen Trasse im Vergleich zur Alten?&#8220; _builder_version=&#8220;4.27.0&#8243; _module_preset=&#8220;default&#8220; global_colors_info=&#8220;{}&#8220; open=&#8220;on&#8220;]<\/p>\n<p><span data-contrast=\"auto\">Auch bei der neuen Trasse bleiben die Belastungen durch die elektrischen und magnetischen Felder unter den geltenden Grenzwerten. <\/span><span data-contrast=\"none\">Der einzuhaltende Grenzwert f\u00fcr elektrische Felder liegt bei f\u00fcnf Kilovolt pro Meter, der Grenzwert f\u00fcr magnetische Felder bei 100 Mikrotesla.<\/span><span data-ccp-props=\"{&quot;201341983&quot;:0,&quot;335559739&quot;:160,&quot;335559740&quot;:279}\">\u00a0<\/span><\/p>\n<p><span data-contrast=\"auto\">Die Gr\u00f6\u00dfe der elektrischen Felder h\u00e4ngt direkt von der Spannung ab, daher wird das elektrische Feld durch die Spannungserh\u00f6hung der Leitung von 220kV auf 380 kV gr\u00f6\u00dfer sein<\/span><i><span data-contrast=\"auto\">. <\/span><\/i><span data-contrast=\"none\">Aus Daten zum Ersatzneubau des Ostbayernrings wurde mit vergleichbarer Frequenz und St\u00e4rke eine Maximalbelastung im Abstand zur Trassenachse von 20 Metern berechnet. Einen Meter \u00fcber dem Boden w\u00e4re das elektrische Feld hier 1,5 Kilovolt stark.<\/span><span data-ccp-props=\"{&quot;201341983&quot;:0,&quot;335559739&quot;:160,&quot;335559740&quot;:279}\">\u00a0<\/span><\/p>\n<p><span data-contrast=\"auto\">Auch das magnetische Feld h\u00e4ngt von der Stromst\u00e4rke ab, die je nach Bedarf schwankt. <\/span><span data-contrast=\"none\">Auch hier kann aus den Daten zum Ersatzneubau des Ostbayernrings entnommen werden, dass die maximale Belastung durch das magnetische Feld in diesem Bereich bei bis zu 25 Mikrotesla liegen wird.<\/span><span data-ccp-props=\"{&quot;134233117&quot;:false,&quot;134233118&quot;:false,&quot;201341983&quot;:0,&quot;335551550&quot;:1,&quot;335551620&quot;:1,&quot;335559685&quot;:0,&quot;335559737&quot;:0,&quot;335559738&quot;:0,&quot;335559739&quot;:160,&quot;335559740&quot;:279}\">\u00a0<\/span><\/p>\n<p><span data-contrast=\"none\">Bei der alten Leitung sind beispielsweise in Winkelhaid H\u00e4user direkt unter der Leitung gebaut worden. Auf dem Dach wurde dort von TenneT eine theoretische Maximalbelastung von 40 bis 60 Mikrotesla berechnet. Seit <\/span><span data-contrast=\"none\">2023<\/span><span data-contrast=\"none\"> wird die Juraleitung witterungsabh\u00e4ngig betrieben, um an k\u00fchleren, sonnenarmen Tagen die Versorgungssicherheit zu sichern. Dann wird die Juraleitung mit einer h\u00f6heren Auslastung betrieben. Messungen zufolge lag die Maximalbelastung an solchen Tagen sogar bei knapp 75 <\/span><span data-contrast=\"none\">Mikrotesla<\/span><span data-contrast=\"none\">.<\/span><span data-ccp-props=\"{&quot;201341983&quot;:0,&quot;335559739&quot;:160,&quot;335559740&quot;:279}\">\u00a0<\/span><\/p>\n<p><span data-contrast=\"none\">Der Betrieb des Ersatzneubaus der Juraleitung und das Abr\u00fccken von der Wohnbebauung in der Gemeinde Winkelhaid, w\u00fcrden die Belastung also deutlich unter den momentanen Werten liegen.<\/span><span data-ccp-props=\"{&quot;201341983&quot;:0,&quot;335559739&quot;:160,&quot;335559740&quot;:279}\">\u00a0<\/span><\/p>\n<p>[\/et_pb_accordion_item][\/et_pb_accordion][\/et_pb_column][\/et_pb_row][\/et_pb_section]<\/p>\n","protected":false},"excerpt":{"rendered":"<p>Elektrische und magnetische Felder \u2013 Fragen &amp; Antworten &nbsp; Immer, wenn ein System unter Spannung steht, erzeugt es elektrische Felder. Bei einer Energie\u00fcbertragungsleitung mit einer Spannung von 380 Kilovolt betr\u00e4gt das elektrische Feld etwa 5 bis 10 kV\/m. Zum Vergleich: Eine elektrische Heizdecke erzeugt in der N\u00e4he des K\u00f6rpers elektrische Felder von etwa 0,1 bis [&hellip;]<\/p>\n","protected":false},"author":1,"featured_media":0,"parent":882,"menu_order":0,"comment_status":"closed","ping_status":"closed","template":"","meta":{"_et_pb_use_builder":"on","_et_pb_old_content":"","_et_gb_content_width":"","footnotes":""},"class_list":["post-515","page","type-page","status-publish","hentry"],"yoast_head":"<!-- This site is optimized with the Yoast SEO plugin v27.0 - https:\/\/yoast.com\/product\/yoast-seo-wordpress\/ -->\n<title>Elektrische und magnetische Felder \u2013 Fragen &amp; Antworten - B\u00fcrgerb\u00fcro Energiewende Altdorf<\/title>\n<meta name=\"robots\" content=\"index, follow, max-snippet:-1, max-image-preview:large, max-video-preview:-1\" \/>\n<link rel=\"canonical\" href=\"https:\/\/www.buergerbuero-energiewende.de\/?page_id=515\" \/>\n<meta property=\"og:locale\" content=\"de_DE\" \/>\n<meta property=\"og:type\" content=\"article\" \/>\n<meta property=\"og:title\" content=\"Elektrische und magnetische Felder \u2013 Fragen &amp; Antworten - B\u00fcrgerb\u00fcro Energiewende Altdorf\" \/>\n<meta property=\"og:description\" content=\"Elektrische und magnetische Felder \u2013 Fragen &amp; Antworten &nbsp; Immer, wenn ein System unter Spannung steht, erzeugt es elektrische Felder. Bei einer Energie\u00fcbertragungsleitung mit einer Spannung von 380 Kilovolt betr\u00e4gt das elektrische Feld etwa 5 bis 10 kV\/m. Zum Vergleich: Eine elektrische Heizdecke erzeugt in der N\u00e4he des K\u00f6rpers elektrische Felder von etwa 0,1 bis [&hellip;]\" \/>\n<meta property=\"og:url\" content=\"https:\/\/www.buergerbuero-energiewende.de\/?page_id=515\" \/>\n<meta property=\"og:site_name\" content=\"B\u00fcrgerb\u00fcro Energiewende Altdorf\" \/>\n<meta property=\"article:modified_time\" content=\"2026-03-11T12:38:57+00:00\" \/>\n<meta name=\"twitter:card\" content=\"summary_large_image\" \/>\n<script type=\"application\/ld+json\" class=\"yoast-schema-graph\">{\"@context\":\"https:\/\/schema.org\",\"@graph\":[{\"@type\":\"WebPage\",\"@id\":\"https:\/\/www.buergerbuero-energiewende.de\/?page_id=515\",\"url\":\"https:\/\/www.buergerbuero-energiewende.de\/?page_id=515\",\"name\":\"Elektrische und magnetische Felder \u2013 Fragen &amp; Antworten - B\u00fcrgerb\u00fcro Energiewende Altdorf\",\"isPartOf\":{\"@id\":\"https:\/\/www.buergerbuero-energiewende.de\/#website\"},\"datePublished\":\"2024-09-25T07:58:17+00:00\",\"dateModified\":\"2026-03-11T12:38:57+00:00\",\"breadcrumb\":{\"@id\":\"https:\/\/www.buergerbuero-energiewende.de\/?page_id=515#breadcrumb\"},\"inLanguage\":\"de\",\"potentialAction\":[{\"@type\":\"ReadAction\",\"target\":[\"https:\/\/www.buergerbuero-energiewende.de\/?page_id=515\"]}]},{\"@type\":\"BreadcrumbList\",\"@id\":\"https:\/\/www.buergerbuero-energiewende.de\/?page_id=515#breadcrumb\",\"itemListElement\":[{\"@type\":\"ListItem\",\"position\":1,\"name\":\"Startseite\",\"item\":\"https:\/\/www.buergerbuero-energiewende.de\/\"},{\"@type\":\"ListItem\",\"position\":2,\"name\":\"FAQ\",\"item\":\"https:\/\/www.buergerbuero-energiewende.de\/?page_id=882\"},{\"@type\":\"ListItem\",\"position\":3,\"name\":\"Elektrische und magnetische Felder \u2013 Fragen &amp; Antworten\"}]},{\"@type\":\"WebSite\",\"@id\":\"https:\/\/www.buergerbuero-energiewende.de\/#website\",\"url\":\"https:\/\/www.buergerbuero-energiewende.de\/\",\"name\":\"B\u00fcrgerb\u00fcro Energiewende Altdorf\",\"description\":\"\",\"potentialAction\":[{\"@type\":\"SearchAction\",\"target\":{\"@type\":\"EntryPoint\",\"urlTemplate\":\"https:\/\/www.buergerbuero-energiewende.de\/?s={search_term_string}\"},\"query-input\":{\"@type\":\"PropertyValueSpecification\",\"valueRequired\":true,\"valueName\":\"search_term_string\"}}],\"inLanguage\":\"de\"}]}<\/script>\n<!-- \/ Yoast SEO plugin. -->","yoast_head_json":{"title":"Elektrische und magnetische Felder \u2013 Fragen &amp; Antworten - B\u00fcrgerb\u00fcro Energiewende Altdorf","robots":{"index":"index","follow":"follow","max-snippet":"max-snippet:-1","max-image-preview":"max-image-preview:large","max-video-preview":"max-video-preview:-1"},"canonical":"https:\/\/www.buergerbuero-energiewende.de\/?page_id=515","og_locale":"de_DE","og_type":"article","og_title":"Elektrische und magnetische Felder \u2013 Fragen &amp; Antworten - B\u00fcrgerb\u00fcro Energiewende Altdorf","og_description":"Elektrische und magnetische Felder \u2013 Fragen &amp; Antworten &nbsp; Immer, wenn ein System unter Spannung steht, erzeugt es elektrische Felder. Bei einer Energie\u00fcbertragungsleitung mit einer Spannung von 380 Kilovolt betr\u00e4gt das elektrische Feld etwa 5 bis 10 kV\/m. Zum Vergleich: Eine elektrische Heizdecke erzeugt in der N\u00e4he des K\u00f6rpers elektrische Felder von etwa 0,1 bis [&hellip;]","og_url":"https:\/\/www.buergerbuero-energiewende.de\/?page_id=515","og_site_name":"B\u00fcrgerb\u00fcro Energiewende Altdorf","article_modified_time":"2026-03-11T12:38:57+00:00","twitter_card":"summary_large_image","schema":{"@context":"https:\/\/schema.org","@graph":[{"@type":"WebPage","@id":"https:\/\/www.buergerbuero-energiewende.de\/?page_id=515","url":"https:\/\/www.buergerbuero-energiewende.de\/?page_id=515","name":"Elektrische und magnetische Felder \u2013 Fragen &amp; Antworten - B\u00fcrgerb\u00fcro Energiewende Altdorf","isPartOf":{"@id":"https:\/\/www.buergerbuero-energiewende.de\/#website"},"datePublished":"2024-09-25T07:58:17+00:00","dateModified":"2026-03-11T12:38:57+00:00","breadcrumb":{"@id":"https:\/\/www.buergerbuero-energiewende.de\/?page_id=515#breadcrumb"},"inLanguage":"de","potentialAction":[{"@type":"ReadAction","target":["https:\/\/www.buergerbuero-energiewende.de\/?page_id=515"]}]},{"@type":"BreadcrumbList","@id":"https:\/\/www.buergerbuero-energiewende.de\/?page_id=515#breadcrumb","itemListElement":[{"@type":"ListItem","position":1,"name":"Startseite","item":"https:\/\/www.buergerbuero-energiewende.de\/"},{"@type":"ListItem","position":2,"name":"FAQ","item":"https:\/\/www.buergerbuero-energiewende.de\/?page_id=882"},{"@type":"ListItem","position":3,"name":"Elektrische und magnetische Felder \u2013 Fragen &amp; Antworten"}]},{"@type":"WebSite","@id":"https:\/\/www.buergerbuero-energiewende.de\/#website","url":"https:\/\/www.buergerbuero-energiewende.de\/","name":"B\u00fcrgerb\u00fcro Energiewende Altdorf","description":"","potentialAction":[{"@type":"SearchAction","target":{"@type":"EntryPoint","urlTemplate":"https:\/\/www.buergerbuero-energiewende.de\/?s={search_term_string}"},"query-input":{"@type":"PropertyValueSpecification","valueRequired":true,"valueName":"search_term_string"}}],"inLanguage":"de"}]}},"publishpress_future_action":{"enabled":false,"date":"2026-04-24 08:00:50","action":"change-status","newStatus":"draft","terms":[],"taxonomy":"","extraData":[]},"publishpress_future_workflow_manual_trigger":{"enabledWorkflows":[]},"_links":{"self":[{"href":"https:\/\/www.buergerbuero-energiewende.de\/index.php?rest_route=\/wp\/v2\/pages\/515","targetHints":{"allow":["GET"]}}],"collection":[{"href":"https:\/\/www.buergerbuero-energiewende.de\/index.php?rest_route=\/wp\/v2\/pages"}],"about":[{"href":"https:\/\/www.buergerbuero-energiewende.de\/index.php?rest_route=\/wp\/v2\/types\/page"}],"author":[{"embeddable":true,"href":"https:\/\/www.buergerbuero-energiewende.de\/index.php?rest_route=\/wp\/v2\/users\/1"}],"replies":[{"embeddable":true,"href":"https:\/\/www.buergerbuero-energiewende.de\/index.php?rest_route=%2Fwp%2Fv2%2Fcomments&post=515"}],"version-history":[{"count":5,"href":"https:\/\/www.buergerbuero-energiewende.de\/index.php?rest_route=\/wp\/v2\/pages\/515\/revisions"}],"predecessor-version":[{"id":741,"href":"https:\/\/www.buergerbuero-energiewende.de\/index.php?rest_route=\/wp\/v2\/pages\/515\/revisions\/741"}],"up":[{"embeddable":true,"href":"https:\/\/www.buergerbuero-energiewende.de\/index.php?rest_route=\/wp\/v2\/pages\/882"}],"wp:attachment":[{"href":"https:\/\/www.buergerbuero-energiewende.de\/index.php?rest_route=%2Fwp%2Fv2%2Fmedia&parent=515"}],"curies":[{"name":"wp","href":"https:\/\/api.w.org\/{rel}","templated":true}]}}