{"id":306,"date":"2024-09-03T08:05:29","date_gmt":"2024-09-03T08:05:29","guid":{"rendered":"https:\/\/www.buergerbuero-energiewende.de\/?page_id=306"},"modified":"2026-03-11T12:39:57","modified_gmt":"2026-03-11T12:39:57","slug":"infomarkt-zu-oekologischen-themen","status":"publish","type":"page","link":"https:\/\/www.buergerbuero-energiewende.de\/?page_id=306","title":{"rendered":"Infomarkt zu \u00f6kologischen Themen"},"content":{"rendered":"<p>[et_pb_section fb_built=&#8220;1&#8243; _builder_version=&#8220;4.27.0&#8243; _module_preset=&#8220;default&#8220; custom_padding=&#8220;||73px|||&#8220; global_colors_info=&#8220;{}&#8220;][et_pb_row _builder_version=&#8220;4.27.0&#8243; _module_preset=&#8220;default&#8220; global_colors_info=&#8220;{}&#8220;][et_pb_column type=&#8220;4_4&#8243; _builder_version=&#8220;4.27.0&#8243; _module_preset=&#8220;default&#8220; global_colors_info=&#8220;{}&#8220;][et_pb_text _builder_version=&#8220;4.27.0&#8243; _module_preset=&#8220;default&#8220; text_font_size=&#8220;24px&#8220; text_line_height=&#8220;1.4em&#8220; header_font=&#8220;&#8211;et_global_heading_font|600|||||||&#8220; header_text_color=&#8220;#314C93&#8243; header_font_size=&#8220;38px&#8220; header_line_height=&#8220;1.2em&#8220; background_color=&#8220;RGBA(255,255,255,0)&#8220; width=&#8220;91.4%&#8220; custom_margin=&#8220;|-664px||||&#8220; hover_enabled=&#8220;0&#8243; global_colors_info=&#8220;{}&#8220; sticky_enabled=&#8220;0&#8243; header_font_size_last_edited=&#8220;on|phone&#8220; header_font_size_phone=&#8220;24px&#8220; header_font_size_tablet=&#8220;38px&#8220;]<\/p>\n<h1 style=\"text-align: left;\">Infomarkt: Gesundheit und \u00f6kologische Themen<\/h1>\n<p>[\/et_pb_text][\/et_pb_column][\/et_pb_row][et_pb_row column_structure=&#8220;2_5,3_5&#8243; _builder_version=&#8220;4.27.0&#8243; _module_preset=&#8220;default&#8220; global_colors_info=&#8220;{}&#8220;][et_pb_column type=&#8220;2_5&#8243; _builder_version=&#8220;4.27.0&#8243; _module_preset=&#8220;default&#8220; global_colors_info=&#8220;{}&#8220;][et_pb_image src=&#8220;https:\/\/www.buergerbuero-energiewende.de\/wp-content\/uploads\/2024\/09\/infomarkt-oekologisch-1.png&#8220; alt=&#8220;Gewitter&#8220; title_text=&#8220;infomarkt-o\u0308kologisch-1&#8243; _builder_version=&#8220;4.27.0&#8243; _module_preset=&#8220;default&#8220; custom_margin=&#8220;||0px|||&#8220; global_colors_info=&#8220;{}&#8220;][\/et_pb_image][\/et_pb_column][et_pb_column type=&#8220;3_5&#8243; _builder_version=&#8220;4.27.0&#8243; _module_preset=&#8220;default&#8220; global_colors_info=&#8220;{}&#8220;][et_pb_text _builder_version=&#8220;4.27.0&#8243; _module_preset=&#8220;default&#8220; text_text_color=&#8220;#7FA2C4&#8243; text_font_size=&#8220;18px&#8220; width=&#8220;97.2%&#8220; custom_padding=&#8220;||0px|||&#8220; hover_enabled=&#8220;0&#8243; global_colors_info=&#8220;{}&#8220; text_font_size_last_edited=&#8220;on|phone&#8220; sticky_enabled=&#8220;0&#8243; text_font_size_phone=&#8220;14px&#8220; text_font_size_tablet=&#8220;18px&#8220;]<\/p>\n<p><strong>Am 19. Oktober 2023 von 15:30 bis 20:30 lud das B\u00fcrgerb\u00fcro Energiewende in Altdorf zu einer Informationsveranstaltung zum Thema Kompensationsma\u00dfnahmen, \u00f6kologisches Trassenmanagement und Fl\u00e4chenerwerb ein. Es wurden die Eigent\u00fcmer, deren Grundst\u00fccke f\u00fcr solche Ma\u00dfnahmen infrage kommen im Vorfeld eingeladen und wir freuen uns dar\u00fcber, dass so viele gekommen sind.<\/strong><\/p>\n<p>[\/et_pb_text][\/et_pb_column][\/et_pb_row][et_pb_row _builder_version=&#8220;4.27.0&#8243; _module_preset=&#8220;default&#8220; hover_enabled=&#8220;0&#8243; global_colors_info=&#8220;{}&#8220; sticky_enabled=&#8220;0&#8243;][et_pb_column type=&#8220;4_4&#8243; _builder_version=&#8220;4.27.0&#8243; _module_preset=&#8220;default&#8220; global_colors_info=&#8220;{}&#8220;][et_pb_text _builder_version=&#8220;4.27.0&#8243; _module_preset=&#8220;default&#8220; text_font_size=&#8220;18px&#8220; hover_enabled=&#8220;0&#8243; global_colors_info=&#8220;{}&#8220; text_font_size_last_edited=&#8220;on|phone&#8220; sticky_enabled=&#8220;0&#8243; text_font_size_phone=&#8220;14px&#8220; text_font_size_tablet=&#8220;18px&#8220;]<\/p>\n<p><strong>Zum Hintergrund der Veranstaltung\u00a0<\/strong><\/p>\n<p><span data-contrast=\"auto\">Eingriffe in die Natur und Umwelt sind durch den Ersatzneubau der Juraleitung nicht zu vermeiden. Als Vorhabentr\u00e4ger ist TenneT aber dazu verpflichtet diese Eingriffe so gering wie m\u00f6glich zu halten und mit geeigneten Kompensationsma\u00dfnahmen auszugleichen. Dabei gelten strenge gesetzliche Vorgaben zur Kompensation, an die sich TenneT halten muss. \u00dcber die Vorgaben und Ma\u00dfnahmen wurde informiert und sich ausgetauscht.<\/span><span data-ccp-props=\"{&quot;201341983&quot;:0,&quot;335559739&quot;:160,&quot;335559740&quot;:279}\">\u00a0<\/span><\/p>\n<p><span data-contrast=\"auto\">Dar\u00fcber hinaus m\u00f6chte TenneT im Zuge eines \u00f6kologischen Trassenmanagements weitere Ma\u00dfnahmen umsetzen und sucht daf\u00fcr weitere Fl\u00e4chen, insbesondere zur Aufforstung und zur Durchf\u00fchrung von CEF und FCS-Ma\u00dfnahmen. Diese Ma\u00dfnahmen sind artenschutzrechtliche Ma\u00dfnahmen, die einerseits der dauerhaften Sicherung der \u00f6kologischen Funktion der Fortpflanzungs- und Ruhest\u00e4tten und andererseits der Bewahrung eines g\u00fcnstigen Erhaltungszustandes dienen. Dabei geht es beispielsweise um die M\u00f6glichkeiten der Wiederherstellung von W\u00e4ldern und Gr\u00fcnland oder die Wiederherstellung von Saum- und Ruderalvegetation. Auch dazu gab es reichlich Informationen und viel Dialog.<\/span><span data-ccp-props=\"{&quot;201341983&quot;:0,&quot;335559739&quot;:160,&quot;335559740&quot;:279}\">\u00a0<\/span><\/p>\n<p>[\/et_pb_text][\/et_pb_column][\/et_pb_row][et_pb_row column_structure=&#8220;1_2,1_2&#8243; _builder_version=&#8220;4.27.0&#8243; _module_preset=&#8220;default&#8220; global_colors_info=&#8220;{}&#8220;][et_pb_column type=&#8220;1_2&#8243; _builder_version=&#8220;4.27.0&#8243; _module_preset=&#8220;default&#8220; global_colors_info=&#8220;{}&#8220;][et_pb_image src=&#8220;https:\/\/www.buergerbuero-energiewende.de\/wp-content\/uploads\/2024\/09\/infomarkt-oekologisch-2.png&#8220; title_text=&#8220;infomarkt-o\u0308kologisch-2&#8243; _builder_version=&#8220;4.27.0&#8243; _module_preset=&#8220;default&#8220; global_colors_info=&#8220;{}&#8220;][\/et_pb_image][\/et_pb_column][et_pb_column type=&#8220;1_2&#8243; _builder_version=&#8220;4.27.0&#8243; _module_preset=&#8220;default&#8220; global_colors_info=&#8220;{}&#8220;][et_pb_image src=&#8220;https:\/\/www.buergerbuero-energiewende.de\/wp-content\/uploads\/2024\/09\/infomarkt-oekologisch-3.png&#8220; title_text=&#8220;infomarkt-o\u0308kologisch-3&#8243; _builder_version=&#8220;4.27.0&#8243; _module_preset=&#8220;default&#8220; global_colors_info=&#8220;{}&#8220;][\/et_pb_image][\/et_pb_column][\/et_pb_row][\/et_pb_section]<\/p>\n","protected":false},"excerpt":{"rendered":"<p>Infomarkt: Gesundheit und \u00f6kologische ThemenAm 19. Oktober 2023 von 15:30 bis 20:30 lud das B\u00fcrgerb\u00fcro Energiewende in Altdorf zu einer Informationsveranstaltung zum Thema Kompensationsma\u00dfnahmen, \u00f6kologisches Trassenmanagement und Fl\u00e4chenerwerb ein. Es wurden die Eigent\u00fcmer, deren Grundst\u00fccke f\u00fcr solche Ma\u00dfnahmen infrage kommen im Vorfeld eingeladen und wir freuen uns dar\u00fcber, dass so viele gekommen sind.Zum Hintergrund der [&hellip;]<\/p>\n","protected":false},"author":1,"featured_media":0,"parent":838,"menu_order":0,"comment_status":"closed","ping_status":"closed","template":"","meta":{"_et_pb_use_builder":"on","_et_pb_old_content":"","_et_gb_content_width":"","footnotes":""},"class_list":["post-306","page","type-page","status-publish","hentry"],"yoast_head":"<!-- This site is optimized with the Yoast SEO plugin v27.0 - https:\/\/yoast.com\/product\/yoast-seo-wordpress\/ -->\n<title>Infomarkt zu \u00f6kologischen Themen - B\u00fcrgerb\u00fcro Energiewende Altdorf<\/title>\n<meta name=\"robots\" content=\"index, follow, max-snippet:-1, max-image-preview:large, max-video-preview:-1\" \/>\n<link rel=\"canonical\" href=\"https:\/\/www.buergerbuero-energiewende.de\/?page_id=306\" \/>\n<meta property=\"og:locale\" content=\"de_DE\" \/>\n<meta property=\"og:type\" content=\"article\" \/>\n<meta property=\"og:title\" content=\"Infomarkt zu \u00f6kologischen Themen - B\u00fcrgerb\u00fcro Energiewende Altdorf\" \/>\n<meta property=\"og:description\" content=\"Infomarkt: Gesundheit und \u00f6kologische ThemenAm 19. Oktober 2023 von 15:30 bis 20:30 lud das B\u00fcrgerb\u00fcro Energiewende in Altdorf zu einer Informationsveranstaltung zum Thema Kompensationsma\u00dfnahmen, \u00f6kologisches Trassenmanagement und Fl\u00e4chenerwerb ein. Es wurden die Eigent\u00fcmer, deren Grundst\u00fccke f\u00fcr solche Ma\u00dfnahmen infrage kommen im Vorfeld eingeladen und wir freuen uns dar\u00fcber, dass so viele gekommen sind.Zum Hintergrund der [&hellip;]\" \/>\n<meta property=\"og:url\" content=\"https:\/\/www.buergerbuero-energiewende.de\/?page_id=306\" \/>\n<meta property=\"og:site_name\" content=\"B\u00fcrgerb\u00fcro Energiewende Altdorf\" \/>\n<meta property=\"article:modified_time\" content=\"2026-03-11T12:39:57+00:00\" \/>\n<meta name=\"twitter:card\" content=\"summary_large_image\" \/>\n<script type=\"application\/ld+json\" class=\"yoast-schema-graph\">{\"@context\":\"https:\/\/schema.org\",\"@graph\":[{\"@type\":\"WebPage\",\"@id\":\"https:\/\/www.buergerbuero-energiewende.de\/?page_id=306\",\"url\":\"https:\/\/www.buergerbuero-energiewende.de\/?page_id=306\",\"name\":\"Infomarkt zu \u00f6kologischen Themen - B\u00fcrgerb\u00fcro Energiewende Altdorf\",\"isPartOf\":{\"@id\":\"https:\/\/www.buergerbuero-energiewende.de\/#website\"},\"datePublished\":\"2024-09-03T08:05:29+00:00\",\"dateModified\":\"2026-03-11T12:39:57+00:00\",\"breadcrumb\":{\"@id\":\"https:\/\/www.buergerbuero-energiewende.de\/?page_id=306#breadcrumb\"},\"inLanguage\":\"de\",\"potentialAction\":[{\"@type\":\"ReadAction\",\"target\":[\"https:\/\/www.buergerbuero-energiewende.de\/?page_id=306\"]}]},{\"@type\":\"BreadcrumbList\",\"@id\":\"https:\/\/www.buergerbuero-energiewende.de\/?page_id=306#breadcrumb\",\"itemListElement\":[{\"@type\":\"ListItem\",\"position\":1,\"name\":\"Startseite\",\"item\":\"https:\/\/www.buergerbuero-energiewende.de\/\"},{\"@type\":\"ListItem\",\"position\":2,\"name\":\"Aktuelles\",\"item\":\"https:\/\/www.buergerbuero-energiewende.de\/?page_id=838\"},{\"@type\":\"ListItem\",\"position\":3,\"name\":\"Infomarkt zu \u00f6kologischen Themen\"}]},{\"@type\":\"WebSite\",\"@id\":\"https:\/\/www.buergerbuero-energiewende.de\/#website\",\"url\":\"https:\/\/www.buergerbuero-energiewende.de\/\",\"name\":\"B\u00fcrgerb\u00fcro Energiewende Altdorf\",\"description\":\"\",\"potentialAction\":[{\"@type\":\"SearchAction\",\"target\":{\"@type\":\"EntryPoint\",\"urlTemplate\":\"https:\/\/www.buergerbuero-energiewende.de\/?s={search_term_string}\"},\"query-input\":{\"@type\":\"PropertyValueSpecification\",\"valueRequired\":true,\"valueName\":\"search_term_string\"}}],\"inLanguage\":\"de\"}]}<\/script>\n<!-- \/ Yoast SEO plugin. -->","yoast_head_json":{"title":"Infomarkt zu \u00f6kologischen Themen - B\u00fcrgerb\u00fcro Energiewende Altdorf","robots":{"index":"index","follow":"follow","max-snippet":"max-snippet:-1","max-image-preview":"max-image-preview:large","max-video-preview":"max-video-preview:-1"},"canonical":"https:\/\/www.buergerbuero-energiewende.de\/?page_id=306","og_locale":"de_DE","og_type":"article","og_title":"Infomarkt zu \u00f6kologischen Themen - B\u00fcrgerb\u00fcro Energiewende Altdorf","og_description":"Infomarkt: Gesundheit und \u00f6kologische ThemenAm 19. Oktober 2023 von 15:30 bis 20:30 lud das B\u00fcrgerb\u00fcro Energiewende in Altdorf zu einer Informationsveranstaltung zum Thema Kompensationsma\u00dfnahmen, \u00f6kologisches Trassenmanagement und Fl\u00e4chenerwerb ein. Es wurden die Eigent\u00fcmer, deren Grundst\u00fccke f\u00fcr solche Ma\u00dfnahmen infrage kommen im Vorfeld eingeladen und wir freuen uns dar\u00fcber, dass so viele gekommen sind.Zum Hintergrund der [&hellip;]","og_url":"https:\/\/www.buergerbuero-energiewende.de\/?page_id=306","og_site_name":"B\u00fcrgerb\u00fcro Energiewende Altdorf","article_modified_time":"2026-03-11T12:39:57+00:00","twitter_card":"summary_large_image","schema":{"@context":"https:\/\/schema.org","@graph":[{"@type":"WebPage","@id":"https:\/\/www.buergerbuero-energiewende.de\/?page_id=306","url":"https:\/\/www.buergerbuero-energiewende.de\/?page_id=306","name":"Infomarkt zu \u00f6kologischen Themen - B\u00fcrgerb\u00fcro Energiewende Altdorf","isPartOf":{"@id":"https:\/\/www.buergerbuero-energiewende.de\/#website"},"datePublished":"2024-09-03T08:05:29+00:00","dateModified":"2026-03-11T12:39:57+00:00","breadcrumb":{"@id":"https:\/\/www.buergerbuero-energiewende.de\/?page_id=306#breadcrumb"},"inLanguage":"de","potentialAction":[{"@type":"ReadAction","target":["https:\/\/www.buergerbuero-energiewende.de\/?page_id=306"]}]},{"@type":"BreadcrumbList","@id":"https:\/\/www.buergerbuero-energiewende.de\/?page_id=306#breadcrumb","itemListElement":[{"@type":"ListItem","position":1,"name":"Startseite","item":"https:\/\/www.buergerbuero-energiewende.de\/"},{"@type":"ListItem","position":2,"name":"Aktuelles","item":"https:\/\/www.buergerbuero-energiewende.de\/?page_id=838"},{"@type":"ListItem","position":3,"name":"Infomarkt zu \u00f6kologischen Themen"}]},{"@type":"WebSite","@id":"https:\/\/www.buergerbuero-energiewende.de\/#website","url":"https:\/\/www.buergerbuero-energiewende.de\/","name":"B\u00fcrgerb\u00fcro Energiewende Altdorf","description":"","potentialAction":[{"@type":"SearchAction","target":{"@type":"EntryPoint","urlTemplate":"https:\/\/www.buergerbuero-energiewende.de\/?s={search_term_string}"},"query-input":{"@type":"PropertyValueSpecification","valueRequired":true,"valueName":"search_term_string"}}],"inLanguage":"de"}]}},"publishpress_future_action":{"enabled":false,"date":"2026-05-03 15:55:28","action":"change-status","newStatus":"draft","terms":[],"taxonomy":"","extraData":[]},"publishpress_future_workflow_manual_trigger":{"enabledWorkflows":[]},"_links":{"self":[{"href":"https:\/\/www.buergerbuero-energiewende.de\/index.php?rest_route=\/wp\/v2\/pages\/306","targetHints":{"allow":["GET"]}}],"collection":[{"href":"https:\/\/www.buergerbuero-energiewende.de\/index.php?rest_route=\/wp\/v2\/pages"}],"about":[{"href":"https:\/\/www.buergerbuero-energiewende.de\/index.php?rest_route=\/wp\/v2\/types\/page"}],"author":[{"embeddable":true,"href":"https:\/\/www.buergerbuero-energiewende.de\/index.php?rest_route=\/wp\/v2\/users\/1"}],"replies":[{"embeddable":true,"href":"https:\/\/www.buergerbuero-energiewende.de\/index.php?rest_route=%2Fwp%2Fv2%2Fcomments&post=306"}],"version-history":[{"count":5,"href":"https:\/\/www.buergerbuero-energiewende.de\/index.php?rest_route=\/wp\/v2\/pages\/306\/revisions"}],"predecessor-version":[{"id":472,"href":"https:\/\/www.buergerbuero-energiewende.de\/index.php?rest_route=\/wp\/v2\/pages\/306\/revisions\/472"}],"up":[{"embeddable":true,"href":"https:\/\/www.buergerbuero-energiewende.de\/index.php?rest_route=\/wp\/v2\/pages\/838"}],"wp:attachment":[{"href":"https:\/\/www.buergerbuero-energiewende.de\/index.php?rest_route=%2Fwp%2Fv2%2Fmedia&parent=306"}],"curies":[{"name":"wp","href":"https:\/\/api.w.org\/{rel}","templated":true}]}}