{"id":223,"date":"2024-08-29T06:45:18","date_gmt":"2024-08-29T06:45:18","guid":{"rendered":"https:\/\/www.buergerbuero-energiewende.de\/?page_id=223"},"modified":"2026-03-11T12:39:35","modified_gmt":"2026-03-11T12:39:35","slug":"knotenpunkt-ludersheim-fragen-antworten","status":"publish","type":"page","link":"https:\/\/www.buergerbuero-energiewende.de\/?page_id=223","title":{"rendered":"Knotenpunkt Ludersheim \u2013 Fragen &#038; Antworten"},"content":{"rendered":"<p>[et_pb_section fb_built=&#8220;1&#8243; _builder_version=&#8220;4.27.0&#8243; _module_preset=&#8220;default&#8220; global_colors_info=&#8220;{}&#8220;][et_pb_row _builder_version=&#8220;4.27.0&#8243; _module_preset=&#8220;default&#8220; width=&#8220;92.1%&#8220; global_colors_info=&#8220;{}&#8220;][et_pb_column type=&#8220;4_4&#8243; _builder_version=&#8220;4.24.2&#8243; _module_preset=&#8220;default&#8220; global_colors_info=&#8220;{}&#8220;][et_pb_text _builder_version=&#8220;4.27.0&#8243; _module_preset=&#8220;default&#8220; text_font_size=&#8220;24px&#8220; text_line_height=&#8220;1.4em&#8220; header_font=&#8220;&#8211;et_global_heading_font|600|||||||&#8220; header_text_color=&#8220;#314C93&#8243; header_font_size=&#8220;38px&#8220; header_line_height=&#8220;1.2em&#8220; background_color=&#8220;RGBA(255,255,255,0)&#8220; width=&#8220;91.4%&#8220; custom_margin=&#8220;|-664px||||&#8220; header_font_size_tablet=&#8220;38px&#8220; header_font_size_phone=&#8220;24px&#8220; header_font_size_last_edited=&#8220;on|phone&#8220; global_colors_info=&#8220;{}&#8220;]<\/p>\n<h1 style=\"text-align: left;\">Energie-Knotenpunkt Ludersheim \u2013 Fragen &amp; Antworten<\/h1>\n<p>&nbsp;<\/p>\n<p>[\/et_pb_text][et_pb_accordion open_toggle_text_color=&#8220;#3550a0&#8243; open_toggle_background_color=&#8220;#f0f2f6&#8243; closed_toggle_text_color=&#8220;#3550a0&#8243; closed_toggle_background_color=&#8220;#f0f2f6&#8243; icon_color=&#8220;#3550a0&#8243; _builder_version=&#8220;4.27.0&#8243; toggle_font=&#8220;&#8211;et_global_heading_font||||||||&#8220; toggle_font_size=&#8220;22px&#8220; toggle_line_height=&#8220;1.5em&#8220; body_font=&#8220;||||||||&#8220; body_font_size=&#8220;16px&#8220; body_line_height=&#8220;1.9em&#8220; custom_margin=&#8220;|||&#8220; custom_padding=&#8220;|||&#8220; hover_enabled=&#8220;0&#8243; border_width_all=&#8220;0px&#8220; global_colors_info=&#8220;{}&#8220; sticky_enabled=&#8220;0&#8243;][et_pb_accordion_item title=&#8220;Warum wird ein zweites Umspannwerk in Ludersheim gebaut?&#8220; _builder_version=&#8220;4.27.0&#8243; custom_margin=&#8220;10px||10px||true&#8220; custom_padding=&#8220;30px||30px||true&#8220; hover_enabled=&#8220;0&#8243; global_colors_info=&#8220;{}&#8220; open=&#8220;on&#8220; sticky_enabled=&#8220;0&#8243;]<\/p>\n<div class=\"ewa-rteLine\">\n<div class=\"ewa-rteLine\">\n<div class=\"ewa-rteLine\">\n<p>Das Umspannwerk Ludersheim im jetzigen Abschnitt A-Ost bildet seit seiner Errichtung im Jahr 1940 einen wichtigen bayerischen Knotenpunkt im H\u00f6chstspannungsnetz. Mittlerweile ist es technisch auf einem veralteten Stand. Um die neue 380-kV-Juraleitung anzuschlie\u00dfen, m\u00fcsste es den Erfordernissen angepasst und umgebaut werden. Durch die r\u00e4umliche Lage und N\u00e4he zur Wohnbebauung und dem Gewerbegebiet in Ludersheim, steht f\u00fcr eine solche Anbindung am Bestandsort nicht gen\u00fcgend Platz zur Verf\u00fcgung.<\/p>\n<\/div>\n<div class=\"ewa-rteLine\">Da die bestehende 220-kV-Anlage weiter betrieben werden muss, um die Versorgungssicherheit zu gew\u00e4hrleisten, ist auch ein R\u00fcckbau der 220-kV-Anlage zun\u00e4chst nicht m\u00f6glich. Nach dem Anschluss des Umspannwerks Ludersheim-West und der Inbetriebnahme der neuen Juraleitung wird die TenneT-Anlage zur\u00fcckgebaut. Am alten Standort verbleibt die Bayernwerk Netz GmbH, deren Schaltanlage an das neue Umspannwerk angeschlossen wird. Zudem wird die B82, eine 220-kV-Leitung aus Schwandorf kommend, \u00fcber das Umspannwerk an das neue Umspannwerk Ludersheim-West weitergef\u00fchrt.<\/div>\n<\/div>\n<\/div>\n<p>[\/et_pb_accordion_item][et_pb_accordion_item title=&#8220;Wo soll das neue Umspannwerk gebaut werden?&#8220; open=&#8220;off&#8220; _builder_version=&#8220;4.27.0&#8243; custom_margin=&#8220;10px||10px||true&#8220; custom_padding=&#8220;30px||30px||true&#8220; global_colors_info=&#8220;{}&#8220;]<\/p>\n<div class=\"ewa-rteLine\">Das neue Umspannwerk soll westlich des bestehenden Umspannwerks entstehen. TenneT ist mit den Eigent\u00fcmerinnen und Eigent\u00fcmern zum Erwerb der Fl\u00e4chen im Austausch. Die genaue Lage des Umspannwerks ist <a href=\"\/\/ten.projectatlas.app\/juraleitung\/streckenkarte?map=48.988025,11.526488,8.32,0,0\" target=\"_blank\" rel=\"noopener\">hier<\/a> einsehbar.<\/div>\n<p>[\/et_pb_accordion_item][et_pb_accordion_item title=&#8220;Wie gro\u00df und sichtbar wird das neue Umspannwerk sein?&#8220; _builder_version=&#8220;4.27.0&#8243; custom_margin=&#8220;10px||10px||true&#8220; custom_padding=&#8220;30px||30px||true&#8220; global_colors_info=&#8220;{}&#8220; open=&#8220;off&#8220;]<\/p>\n<div class=\"ewa-rteLine\">Die Fl\u00e4che des Umspannwerks betr\u00e4gt mit dem Objektschutzstreifen circa 11 ha. Die h\u00f6chsten Punkte eines Umspannwerks sind die Blitzschutzvorrichtungen mit einer H\u00f6he von rund 25 Metern. Alle anderen Betriebsmittel sind deutlich niedriger.<\/div>\n<p>[\/et_pb_accordion_item][\/et_pb_accordion][\/et_pb_column][\/et_pb_row][\/et_pb_section]<\/p>\n","protected":false},"excerpt":{"rendered":"<p>Energie-Knotenpunkt Ludersheim \u2013 Fragen &amp; Antworten &nbsp; Das Umspannwerk Ludersheim im jetzigen Abschnitt A-Ost bildet seit seiner Errichtung im Jahr 1940 einen wichtigen bayerischen Knotenpunkt im H\u00f6chstspannungsnetz. Mittlerweile ist es technisch auf einem veralteten Stand. Um die neue 380-kV-Juraleitung anzuschlie\u00dfen, m\u00fcsste es den Erfordernissen angepasst und umgebaut werden. Durch die r\u00e4umliche Lage und N\u00e4he zur [&hellip;]<\/p>\n","protected":false},"author":1,"featured_media":0,"parent":838,"menu_order":0,"comment_status":"closed","ping_status":"closed","template":"","meta":{"_et_pb_use_builder":"on","_et_pb_old_content":"","_et_gb_content_width":"","footnotes":""},"class_list":["post-223","page","type-page","status-publish","hentry"],"yoast_head":"<!-- This site is optimized with the Yoast SEO plugin v27.0 - https:\/\/yoast.com\/product\/yoast-seo-wordpress\/ -->\n<title>Knotenpunkt Ludersheim \u2013 Fragen &amp; Antworten - B\u00fcrgerb\u00fcro Energiewende Altdorf<\/title>\n<meta name=\"robots\" content=\"index, follow, max-snippet:-1, max-image-preview:large, max-video-preview:-1\" \/>\n<link rel=\"canonical\" href=\"https:\/\/www.buergerbuero-energiewende.de\/?page_id=223\" \/>\n<meta property=\"og:locale\" content=\"de_DE\" \/>\n<meta property=\"og:type\" content=\"article\" \/>\n<meta property=\"og:title\" content=\"Knotenpunkt Ludersheim \u2013 Fragen &amp; Antworten - B\u00fcrgerb\u00fcro Energiewende Altdorf\" \/>\n<meta property=\"og:description\" content=\"Energie-Knotenpunkt Ludersheim \u2013 Fragen &amp; Antworten &nbsp; Das Umspannwerk Ludersheim im jetzigen Abschnitt A-Ost bildet seit seiner Errichtung im Jahr 1940 einen wichtigen bayerischen Knotenpunkt im H\u00f6chstspannungsnetz. Mittlerweile ist es technisch auf einem veralteten Stand. Um die neue 380-kV-Juraleitung anzuschlie\u00dfen, m\u00fcsste es den Erfordernissen angepasst und umgebaut werden. Durch die r\u00e4umliche Lage und N\u00e4he zur [&hellip;]\" \/>\n<meta property=\"og:url\" content=\"https:\/\/www.buergerbuero-energiewende.de\/?page_id=223\" \/>\n<meta property=\"og:site_name\" content=\"B\u00fcrgerb\u00fcro Energiewende Altdorf\" \/>\n<meta property=\"article:modified_time\" content=\"2026-03-11T12:39:35+00:00\" \/>\n<meta name=\"twitter:card\" content=\"summary_large_image\" \/>\n<script type=\"application\/ld+json\" class=\"yoast-schema-graph\">{\"@context\":\"https:\/\/schema.org\",\"@graph\":[{\"@type\":\"WebPage\",\"@id\":\"https:\/\/www.buergerbuero-energiewende.de\/?page_id=223\",\"url\":\"https:\/\/www.buergerbuero-energiewende.de\/?page_id=223\",\"name\":\"Knotenpunkt Ludersheim \u2013 Fragen & Antworten - B\u00fcrgerb\u00fcro Energiewende Altdorf\",\"isPartOf\":{\"@id\":\"https:\/\/www.buergerbuero-energiewende.de\/#website\"},\"datePublished\":\"2024-08-29T06:45:18+00:00\",\"dateModified\":\"2026-03-11T12:39:35+00:00\",\"breadcrumb\":{\"@id\":\"https:\/\/www.buergerbuero-energiewende.de\/?page_id=223#breadcrumb\"},\"inLanguage\":\"de\",\"potentialAction\":[{\"@type\":\"ReadAction\",\"target\":[\"https:\/\/www.buergerbuero-energiewende.de\/?page_id=223\"]}]},{\"@type\":\"BreadcrumbList\",\"@id\":\"https:\/\/www.buergerbuero-energiewende.de\/?page_id=223#breadcrumb\",\"itemListElement\":[{\"@type\":\"ListItem\",\"position\":1,\"name\":\"Startseite\",\"item\":\"https:\/\/www.buergerbuero-energiewende.de\/\"},{\"@type\":\"ListItem\",\"position\":2,\"name\":\"Aktuelles\",\"item\":\"https:\/\/www.buergerbuero-energiewende.de\/?page_id=838\"},{\"@type\":\"ListItem\",\"position\":3,\"name\":\"Knotenpunkt Ludersheim \u2013 Fragen &#038; Antworten\"}]},{\"@type\":\"WebSite\",\"@id\":\"https:\/\/www.buergerbuero-energiewende.de\/#website\",\"url\":\"https:\/\/www.buergerbuero-energiewende.de\/\",\"name\":\"B\u00fcrgerb\u00fcro Energiewende Altdorf\",\"description\":\"\",\"potentialAction\":[{\"@type\":\"SearchAction\",\"target\":{\"@type\":\"EntryPoint\",\"urlTemplate\":\"https:\/\/www.buergerbuero-energiewende.de\/?s={search_term_string}\"},\"query-input\":{\"@type\":\"PropertyValueSpecification\",\"valueRequired\":true,\"valueName\":\"search_term_string\"}}],\"inLanguage\":\"de\"}]}<\/script>\n<!-- \/ Yoast SEO plugin. -->","yoast_head_json":{"title":"Knotenpunkt Ludersheim \u2013 Fragen & Antworten - B\u00fcrgerb\u00fcro Energiewende Altdorf","robots":{"index":"index","follow":"follow","max-snippet":"max-snippet:-1","max-image-preview":"max-image-preview:large","max-video-preview":"max-video-preview:-1"},"canonical":"https:\/\/www.buergerbuero-energiewende.de\/?page_id=223","og_locale":"de_DE","og_type":"article","og_title":"Knotenpunkt Ludersheim \u2013 Fragen & Antworten - B\u00fcrgerb\u00fcro Energiewende Altdorf","og_description":"Energie-Knotenpunkt Ludersheim \u2013 Fragen &amp; Antworten &nbsp; Das Umspannwerk Ludersheim im jetzigen Abschnitt A-Ost bildet seit seiner Errichtung im Jahr 1940 einen wichtigen bayerischen Knotenpunkt im H\u00f6chstspannungsnetz. Mittlerweile ist es technisch auf einem veralteten Stand. Um die neue 380-kV-Juraleitung anzuschlie\u00dfen, m\u00fcsste es den Erfordernissen angepasst und umgebaut werden. Durch die r\u00e4umliche Lage und N\u00e4he zur [&hellip;]","og_url":"https:\/\/www.buergerbuero-energiewende.de\/?page_id=223","og_site_name":"B\u00fcrgerb\u00fcro Energiewende Altdorf","article_modified_time":"2026-03-11T12:39:35+00:00","twitter_card":"summary_large_image","schema":{"@context":"https:\/\/schema.org","@graph":[{"@type":"WebPage","@id":"https:\/\/www.buergerbuero-energiewende.de\/?page_id=223","url":"https:\/\/www.buergerbuero-energiewende.de\/?page_id=223","name":"Knotenpunkt Ludersheim \u2013 Fragen & Antworten - B\u00fcrgerb\u00fcro Energiewende Altdorf","isPartOf":{"@id":"https:\/\/www.buergerbuero-energiewende.de\/#website"},"datePublished":"2024-08-29T06:45:18+00:00","dateModified":"2026-03-11T12:39:35+00:00","breadcrumb":{"@id":"https:\/\/www.buergerbuero-energiewende.de\/?page_id=223#breadcrumb"},"inLanguage":"de","potentialAction":[{"@type":"ReadAction","target":["https:\/\/www.buergerbuero-energiewende.de\/?page_id=223"]}]},{"@type":"BreadcrumbList","@id":"https:\/\/www.buergerbuero-energiewende.de\/?page_id=223#breadcrumb","itemListElement":[{"@type":"ListItem","position":1,"name":"Startseite","item":"https:\/\/www.buergerbuero-energiewende.de\/"},{"@type":"ListItem","position":2,"name":"Aktuelles","item":"https:\/\/www.buergerbuero-energiewende.de\/?page_id=838"},{"@type":"ListItem","position":3,"name":"Knotenpunkt Ludersheim \u2013 Fragen &#038; Antworten"}]},{"@type":"WebSite","@id":"https:\/\/www.buergerbuero-energiewende.de\/#website","url":"https:\/\/www.buergerbuero-energiewende.de\/","name":"B\u00fcrgerb\u00fcro Energiewende Altdorf","description":"","potentialAction":[{"@type":"SearchAction","target":{"@type":"EntryPoint","urlTemplate":"https:\/\/www.buergerbuero-energiewende.de\/?s={search_term_string}"},"query-input":{"@type":"PropertyValueSpecification","valueRequired":true,"valueName":"search_term_string"}}],"inLanguage":"de"}]}},"publishpress_future_action":{"enabled":false,"date":"2026-04-24 07:47:22","action":"change-status","newStatus":"draft","terms":[],"taxonomy":"","extraData":[]},"publishpress_future_workflow_manual_trigger":{"enabledWorkflows":[]},"_links":{"self":[{"href":"https:\/\/www.buergerbuero-energiewende.de\/index.php?rest_route=\/wp\/v2\/pages\/223","targetHints":{"allow":["GET"]}}],"collection":[{"href":"https:\/\/www.buergerbuero-energiewende.de\/index.php?rest_route=\/wp\/v2\/pages"}],"about":[{"href":"https:\/\/www.buergerbuero-energiewende.de\/index.php?rest_route=\/wp\/v2\/types\/page"}],"author":[{"embeddable":true,"href":"https:\/\/www.buergerbuero-energiewende.de\/index.php?rest_route=\/wp\/v2\/users\/1"}],"replies":[{"embeddable":true,"href":"https:\/\/www.buergerbuero-energiewende.de\/index.php?rest_route=%2Fwp%2Fv2%2Fcomments&post=223"}],"version-history":[{"count":8,"href":"https:\/\/www.buergerbuero-energiewende.de\/index.php?rest_route=\/wp\/v2\/pages\/223\/revisions"}],"predecessor-version":[{"id":538,"href":"https:\/\/www.buergerbuero-energiewende.de\/index.php?rest_route=\/wp\/v2\/pages\/223\/revisions\/538"}],"up":[{"embeddable":true,"href":"https:\/\/www.buergerbuero-energiewende.de\/index.php?rest_route=\/wp\/v2\/pages\/838"}],"wp:attachment":[{"href":"https:\/\/www.buergerbuero-energiewende.de\/index.php?rest_route=%2Fwp%2Fv2%2Fmedia&parent=223"}],"curies":[{"name":"wp","href":"https:\/\/api.w.org\/{rel}","templated":true}]}}