{"id":185,"date":"2024-08-26T11:55:57","date_gmt":"2024-08-26T11:55:57","guid":{"rendered":"https:\/\/www.buergerbuero-energiewende.de\/?page_id=185"},"modified":"2026-03-11T12:37:41","modified_gmt":"2026-03-11T12:37:41","slug":"infomarkt-juni-2024","status":"publish","type":"page","link":"https:\/\/www.buergerbuero-energiewende.de\/?page_id=185","title":{"rendered":"Infomarkt \u2013 Juni 2024"},"content":{"rendered":"<p>[et_pb_section fb_built=&#8220;1&#8243; _builder_version=&#8220;4.27.0&#8243; _module_preset=&#8220;default&#8220; custom_padding=&#8220;||73px|||&#8220; global_colors_info=&#8220;{}&#8220;][et_pb_row _builder_version=&#8220;4.27.0&#8243; _module_preset=&#8220;default&#8220; global_colors_info=&#8220;{}&#8220;][et_pb_column type=&#8220;4_4&#8243; _builder_version=&#8220;4.27.0&#8243; _module_preset=&#8220;default&#8220; global_colors_info=&#8220;{}&#8220;][et_pb_text _builder_version=&#8220;4.27.0&#8243; _module_preset=&#8220;default&#8220; text_font_size=&#8220;24px&#8220; text_line_height=&#8220;1.4em&#8220; header_font=&#8220;&#8211;et_global_heading_font|600|||||||&#8220; header_text_color=&#8220;#314C93&#8243; header_font_size=&#8220;38px&#8220; header_line_height=&#8220;1.2em&#8220; background_color=&#8220;RGBA(255,255,255,0)&#8220; width=&#8220;91.4%&#8220; custom_margin=&#8220;|-664px||||&#8220; hover_enabled=&#8220;0&#8243; global_colors_info=&#8220;{}&#8220; header_font_size_last_edited=&#8220;on|phone&#8220; sticky_enabled=&#8220;0&#8243; header_font_size_phone=&#8220;24px&#8220; header_font_size_tablet=&#8220;38px&#8220;]<\/p>\n<h1 style=\"text-align: left;\"><span data-contrast=\"auto\" xml:lang=\"DE-DE\" lang=\"DE-DE\" class=\"TextRun SCXW243481492 BCX8\"><span class=\"NormalTextRun SCXW243481492 BCX8\">Infomarkt und B\u00fcrgergespr\u00e4che zum aktuellen Planungsstand der Juraleitung in der Region Altdorf<\/span><\/span><\/h1>\n<p>&nbsp;<\/p>\n<p>[\/et_pb_text][\/et_pb_column][\/et_pb_row][et_pb_row column_structure=&#8220;2_5,3_5&#8243; _builder_version=&#8220;4.27.0&#8243; _module_preset=&#8220;default&#8220; global_colors_info=&#8220;{}&#8220;][et_pb_column type=&#8220;2_5&#8243; _builder_version=&#8220;4.27.0&#8243; _module_preset=&#8220;default&#8220; global_colors_info=&#8220;{}&#8220;][et_pb_image src=&#8220;https:\/\/www.buergerbuero-energiewende.de\/wp-content\/uploads\/2024\/08\/20240613_160008896_iOS.jpg&#8220; title_text=&#8220;20240613_160008896_iOS&#8220; _builder_version=&#8220;4.27.0&#8243; _module_preset=&#8220;default&#8220; global_colors_info=&#8220;{}&#8220;][\/et_pb_image][\/et_pb_column][et_pb_column type=&#8220;3_5&#8243; _builder_version=&#8220;4.27.0&#8243; _module_preset=&#8220;default&#8220; global_colors_info=&#8220;{}&#8220;][et_pb_text _builder_version=&#8220;4.27.0&#8243; _module_preset=&#8220;default&#8220; text_text_color=&#8220;#7FA2C4&#8243; text_font_size=&#8220;18px&#8220; hover_enabled=&#8220;0&#8243; global_colors_info=&#8220;{}&#8220; text_font_size_last_edited=&#8220;on|phone&#8220; sticky_enabled=&#8220;0&#8243; text_font_size_phone=&#8220;14px&#8220; min_height=&#8220;147.4px&#8220; custom_margin=&#8220;||-89px|||&#8220; text_font_size_tablet=&#8220;18px&#8220;]<\/p>\n<p><strong>Als Resultat der vorangegangenen Baugrunduntersuchungen wird der urspr\u00fcnglich als Erdkabelabschnitt geplante Trassenabschnitt im Raum Altdorf k\u00fcnftig als Freileitung geplant. Dazu fanden in der Woche vom 11. bis 14. Juni die angek\u00fcndigten Eigent\u00fcmergespr\u00e4che und Informationsveranstaltungen zum aktuellen Planungsstand im B\u00fcrgerb\u00fcro Energiewende in Altdorf statt.<\/strong><\/p>\n<p>&nbsp;<\/p>\n<p data-ccp-props=\"{&quot;335551550&quot;:1,&quot;335551620&quot;:1,&quot;335559683&quot;:0,&quot;335559685&quot;:0,&quot;335559731&quot;:0,&quot;335559737&quot;:0,&quot;335562764&quot;:2,&quot;335562765&quot;:1.1,&quot;335562766&quot;:2,&quot;335562767&quot;:0,&quot;335562768&quot;:2,&quot;335562769&quot;:0}\"><span>\u200b<\/span><\/p>\n<p>[\/et_pb_text][\/et_pb_column][\/et_pb_row][et_pb_row _builder_version=&#8220;4.27.0&#8243; _module_preset=&#8220;default&#8220; global_colors_info=&#8220;{}&#8220;][et_pb_column type=&#8220;4_4&#8243; _builder_version=&#8220;4.27.0&#8243; _module_preset=&#8220;default&#8220; global_colors_info=&#8220;{}&#8220;][et_pb_text _builder_version=&#8220;4.27.0&#8243; _module_preset=&#8220;default&#8220; text_font_size=&#8220;16px&#8220; hover_enabled=&#8220;0&#8243; global_colors_info=&#8220;{}&#8220; text_font_size_last_edited=&#8220;on|phone&#8220; sticky_enabled=&#8220;0&#8243; text_font_size_phone=&#8220;14px&#8220; text_font_size_tablet=&#8220;16px&#8220;]<\/p>\n<p>Zu Beginn der Woche f\u00fchrte TenneT an zwei Tagen Gespr\u00e4che mit den Eigent\u00fcmern, die von den geplanten Maststandorten im Abschnitt A-Ost betroffen sind. Das Planungsteam informierte \u00fcber den aktuellen Planungsstand und \u00fcber das weitere Vorgehen. Den Eigent\u00fcmern wurden ihre Betroffenheiten durch die Planung aufgezeigt. Dazu geh\u00f6ren unter anderem die neuen Maststandorte und die Anbindungen an das neue Umspannwerk Ludersheim-West. Das Planungsteam beantwortete dabei eine Vielzahl an Fragen, insbesondere zu den Themen Masth\u00f6hen und Mastfundamente, Trassenf\u00fchrung, Waldeingriffe und Entsch\u00e4digung.<\/p>\n<p>Am Donnerstag und Freitag wurde der Dialog im Rahmen von mehreren Infom\u00e4rkten f\u00fcr die Anwohner und interessierte \u00d6ffentlichkeit fortgef\u00fchrt. Sehr wichtig war vielen Besucherinnen und Besuchern das Thema Wohnumfeldschutz. Dazu erkl\u00e4rte das Planungsteam, welche Ma\u00dfnahmen TenneT ergreift, um die Wohnumfeldqualit\u00e4t m\u00f6glichst vertr\u00e4glich zu gestalten.<\/p>\n<p>Auch wurden Fragen zum Immissionsschutz beantwortet. TenneT erl\u00e4uterte den Teilnehmenden die Verpflichtung zur Einhaltung der gesetzlichen Vorgaben bez\u00fcglich elektromagnetischer Felder und L\u00e4rmimmissionen.<\/p>\n<p>Die Resonanz auf die Veranstaltungen war etwas geringer als erwartet, so dass die Raumkapazit\u00e4ten v\u00f6llig ausreichend waren. Insgesamt konnten in mehr als zwanzig Terminen mit fast 100 interessierten B\u00fcrgerinnen und B\u00fcrgern Gespr\u00e4che gef\u00fchrt werden. Auch Mitglieder verschiedener B\u00fcrgerinitiativen sowie Trassengegner, die sich angemeldet hatten, waren willkommen und konnten sich \u00fcber den aktuellen Planungsstand informieren.<\/p>\n<p>TenneT dankt allen Teilnehmern f\u00fcr ihr Interesse und die konstruktiven Diskussionen. Die Anregungen und Fragen der B\u00fcrgerinnen und B\u00fcrger sind f\u00fcr den weiteren Planungsprozess von gro\u00dfer Bedeutung.<\/p>\n<p>[\/et_pb_text][\/et_pb_column][\/et_pb_row][\/et_pb_section]<\/p>\n","protected":false},"excerpt":{"rendered":"<p>Infomarkt und B\u00fcrgergespr\u00e4che zum aktuellen Planungsstand der Juraleitung in der Region Altdorf &nbsp;Als Resultat der vorangegangenen Baugrunduntersuchungen wird der urspr\u00fcnglich als Erdkabelabschnitt geplante Trassenabschnitt im Raum Altdorf k\u00fcnftig als Freileitung geplant. Dazu fanden in der Woche vom 11. bis 14. Juni die angek\u00fcndigten Eigent\u00fcmergespr\u00e4che und Informationsveranstaltungen zum aktuellen Planungsstand im B\u00fcrgerb\u00fcro Energiewende in Altdorf statt. [&hellip;]<\/p>\n","protected":false},"author":1,"featured_media":0,"parent":838,"menu_order":0,"comment_status":"closed","ping_status":"closed","template":"","meta":{"_et_pb_use_builder":"on","_et_pb_old_content":"","_et_gb_content_width":"","footnotes":""},"class_list":["post-185","page","type-page","status-publish","hentry"],"yoast_head":"<!-- This site is optimized with the Yoast SEO plugin v27.0 - https:\/\/yoast.com\/product\/yoast-seo-wordpress\/ -->\n<title>Infomarkt \u2013 Juni 2024 - B\u00fcrgerb\u00fcro Energiewende Altdorf<\/title>\n<meta name=\"robots\" content=\"index, follow, max-snippet:-1, max-image-preview:large, max-video-preview:-1\" \/>\n<link rel=\"canonical\" href=\"https:\/\/www.buergerbuero-energiewende.de\/?page_id=185\" \/>\n<meta property=\"og:locale\" content=\"de_DE\" \/>\n<meta property=\"og:type\" content=\"article\" \/>\n<meta property=\"og:title\" content=\"Infomarkt \u2013 Juni 2024 - B\u00fcrgerb\u00fcro Energiewende Altdorf\" \/>\n<meta property=\"og:description\" content=\"Infomarkt und B\u00fcrgergespr\u00e4che zum aktuellen Planungsstand der Juraleitung in der Region Altdorf &nbsp;Als Resultat der vorangegangenen Baugrunduntersuchungen wird der urspr\u00fcnglich als Erdkabelabschnitt geplante Trassenabschnitt im Raum Altdorf k\u00fcnftig als Freileitung geplant. Dazu fanden in der Woche vom 11. bis 14. Juni die angek\u00fcndigten Eigent\u00fcmergespr\u00e4che und Informationsveranstaltungen zum aktuellen Planungsstand im B\u00fcrgerb\u00fcro Energiewende in Altdorf statt. [&hellip;]\" \/>\n<meta property=\"og:url\" content=\"https:\/\/www.buergerbuero-energiewende.de\/?page_id=185\" \/>\n<meta property=\"og:site_name\" content=\"B\u00fcrgerb\u00fcro Energiewende Altdorf\" \/>\n<meta property=\"article:modified_time\" content=\"2026-03-11T12:37:41+00:00\" \/>\n<meta name=\"twitter:card\" content=\"summary_large_image\" \/>\n<script type=\"application\/ld+json\" class=\"yoast-schema-graph\">{\"@context\":\"https:\/\/schema.org\",\"@graph\":[{\"@type\":\"WebPage\",\"@id\":\"https:\/\/www.buergerbuero-energiewende.de\/?page_id=185\",\"url\":\"https:\/\/www.buergerbuero-energiewende.de\/?page_id=185\",\"name\":\"Infomarkt \u2013 Juni 2024 - B\u00fcrgerb\u00fcro Energiewende Altdorf\",\"isPartOf\":{\"@id\":\"https:\/\/www.buergerbuero-energiewende.de\/#website\"},\"datePublished\":\"2024-08-26T11:55:57+00:00\",\"dateModified\":\"2026-03-11T12:37:41+00:00\",\"breadcrumb\":{\"@id\":\"https:\/\/www.buergerbuero-energiewende.de\/?page_id=185#breadcrumb\"},\"inLanguage\":\"de\",\"potentialAction\":[{\"@type\":\"ReadAction\",\"target\":[\"https:\/\/www.buergerbuero-energiewende.de\/?page_id=185\"]}]},{\"@type\":\"BreadcrumbList\",\"@id\":\"https:\/\/www.buergerbuero-energiewende.de\/?page_id=185#breadcrumb\",\"itemListElement\":[{\"@type\":\"ListItem\",\"position\":1,\"name\":\"Startseite\",\"item\":\"https:\/\/www.buergerbuero-energiewende.de\/\"},{\"@type\":\"ListItem\",\"position\":2,\"name\":\"Aktuelles\",\"item\":\"https:\/\/www.buergerbuero-energiewende.de\/?page_id=838\"},{\"@type\":\"ListItem\",\"position\":3,\"name\":\"Infomarkt \u2013 Juni 2024\"}]},{\"@type\":\"WebSite\",\"@id\":\"https:\/\/www.buergerbuero-energiewende.de\/#website\",\"url\":\"https:\/\/www.buergerbuero-energiewende.de\/\",\"name\":\"B\u00fcrgerb\u00fcro Energiewende Altdorf\",\"description\":\"\",\"potentialAction\":[{\"@type\":\"SearchAction\",\"target\":{\"@type\":\"EntryPoint\",\"urlTemplate\":\"https:\/\/www.buergerbuero-energiewende.de\/?s={search_term_string}\"},\"query-input\":{\"@type\":\"PropertyValueSpecification\",\"valueRequired\":true,\"valueName\":\"search_term_string\"}}],\"inLanguage\":\"de\"}]}<\/script>\n<!-- \/ Yoast SEO plugin. -->","yoast_head_json":{"title":"Infomarkt \u2013 Juni 2024 - B\u00fcrgerb\u00fcro Energiewende Altdorf","robots":{"index":"index","follow":"follow","max-snippet":"max-snippet:-1","max-image-preview":"max-image-preview:large","max-video-preview":"max-video-preview:-1"},"canonical":"https:\/\/www.buergerbuero-energiewende.de\/?page_id=185","og_locale":"de_DE","og_type":"article","og_title":"Infomarkt \u2013 Juni 2024 - B\u00fcrgerb\u00fcro Energiewende Altdorf","og_description":"Infomarkt und B\u00fcrgergespr\u00e4che zum aktuellen Planungsstand der Juraleitung in der Region Altdorf &nbsp;Als Resultat der vorangegangenen Baugrunduntersuchungen wird der urspr\u00fcnglich als Erdkabelabschnitt geplante Trassenabschnitt im Raum Altdorf k\u00fcnftig als Freileitung geplant. Dazu fanden in der Woche vom 11. bis 14. Juni die angek\u00fcndigten Eigent\u00fcmergespr\u00e4che und Informationsveranstaltungen zum aktuellen Planungsstand im B\u00fcrgerb\u00fcro Energiewende in Altdorf statt. [&hellip;]","og_url":"https:\/\/www.buergerbuero-energiewende.de\/?page_id=185","og_site_name":"B\u00fcrgerb\u00fcro Energiewende Altdorf","article_modified_time":"2026-03-11T12:37:41+00:00","twitter_card":"summary_large_image","schema":{"@context":"https:\/\/schema.org","@graph":[{"@type":"WebPage","@id":"https:\/\/www.buergerbuero-energiewende.de\/?page_id=185","url":"https:\/\/www.buergerbuero-energiewende.de\/?page_id=185","name":"Infomarkt \u2013 Juni 2024 - B\u00fcrgerb\u00fcro Energiewende Altdorf","isPartOf":{"@id":"https:\/\/www.buergerbuero-energiewende.de\/#website"},"datePublished":"2024-08-26T11:55:57+00:00","dateModified":"2026-03-11T12:37:41+00:00","breadcrumb":{"@id":"https:\/\/www.buergerbuero-energiewende.de\/?page_id=185#breadcrumb"},"inLanguage":"de","potentialAction":[{"@type":"ReadAction","target":["https:\/\/www.buergerbuero-energiewende.de\/?page_id=185"]}]},{"@type":"BreadcrumbList","@id":"https:\/\/www.buergerbuero-energiewende.de\/?page_id=185#breadcrumb","itemListElement":[{"@type":"ListItem","position":1,"name":"Startseite","item":"https:\/\/www.buergerbuero-energiewende.de\/"},{"@type":"ListItem","position":2,"name":"Aktuelles","item":"https:\/\/www.buergerbuero-energiewende.de\/?page_id=838"},{"@type":"ListItem","position":3,"name":"Infomarkt \u2013 Juni 2024"}]},{"@type":"WebSite","@id":"https:\/\/www.buergerbuero-energiewende.de\/#website","url":"https:\/\/www.buergerbuero-energiewende.de\/","name":"B\u00fcrgerb\u00fcro Energiewende Altdorf","description":"","potentialAction":[{"@type":"SearchAction","target":{"@type":"EntryPoint","urlTemplate":"https:\/\/www.buergerbuero-energiewende.de\/?s={search_term_string}"},"query-input":{"@type":"PropertyValueSpecification","valueRequired":true,"valueName":"search_term_string"}}],"inLanguage":"de"}]}},"publishpress_future_action":{"enabled":false,"date":"2026-05-03 17:30:39","action":"change-status","newStatus":"draft","terms":[],"taxonomy":"","extraData":[]},"publishpress_future_workflow_manual_trigger":{"enabledWorkflows":[]},"_links":{"self":[{"href":"https:\/\/www.buergerbuero-energiewende.de\/index.php?rest_route=\/wp\/v2\/pages\/185","targetHints":{"allow":["GET"]}}],"collection":[{"href":"https:\/\/www.buergerbuero-energiewende.de\/index.php?rest_route=\/wp\/v2\/pages"}],"about":[{"href":"https:\/\/www.buergerbuero-energiewende.de\/index.php?rest_route=\/wp\/v2\/types\/page"}],"author":[{"embeddable":true,"href":"https:\/\/www.buergerbuero-energiewende.de\/index.php?rest_route=\/wp\/v2\/users\/1"}],"replies":[{"embeddable":true,"href":"https:\/\/www.buergerbuero-energiewende.de\/index.php?rest_route=%2Fwp%2Fv2%2Fcomments&post=185"}],"version-history":[{"count":6,"href":"https:\/\/www.buergerbuero-energiewende.de\/index.php?rest_route=\/wp\/v2\/pages\/185\/revisions"}],"predecessor-version":[{"id":469,"href":"https:\/\/www.buergerbuero-energiewende.de\/index.php?rest_route=\/wp\/v2\/pages\/185\/revisions\/469"}],"up":[{"embeddable":true,"href":"https:\/\/www.buergerbuero-energiewende.de\/index.php?rest_route=\/wp\/v2\/pages\/838"}],"wp:attachment":[{"href":"https:\/\/www.buergerbuero-energiewende.de\/index.php?rest_route=%2Fwp%2Fv2%2Fmedia&parent=185"}],"curies":[{"name":"wp","href":"https:\/\/api.w.org\/{rel}","templated":true}]}}